. . . . . . . . . . . . . . . . . . . . . . . . . . . . . . . . . . . . . . . . . . . . . . . . . . . . . . . . . . . . . . . . . . . . . . . . . . . . . . . . . . . . . . . . . . . . . . . . . . . . . . . . . . . . . . . . . . . . . . . . . . . . . . . . . . . . . . . . . . . . . . . . . . . . . . . . . . . . . . . . . . . . . . . . . . . . . . . . . . . . . . . . . . . . . . . . . . . . . . . . . . . . . . . . . . . . . . . . . . . . . . . . . . . . . . . . . . . . . . . . . . . . . . . . . . . . . . . . . . . . . . . . . . . . . . . . . . . . . . . . . . . . . . . . . . . . . . . . . . . . . . . . . . . . . . . . . . . . . . . . . . . . . . . . . . . . . . . . . . . . . . . . . . . . . . . . . . . . . . . . . . . . . . . . . . . . . . . . . . . . . . . . . . . . . . . . . . . . . . . . . . . . . . . . . . . . . . . . . . . . . . . . . . . . . . . . . . . . . . . . . . . . . . . . . . . . . . . . . . . . . . . . . . . . . . . . . . . . . . . . . . . . . . . . . . . . . . . . . . . . . . . . . . . . . . . . . . . . . . . . . . . . . . . . . . . . . . . . . . . . . . . . . . . . . . . . . . . . . . . . . . . . . . . . . . . . . . . . . . . . . . . . . . . . . . . . . . . . . . . . . . . . . . . . . . . . . . . . . . . . . . . . . . . . . . . . . . . . . . . . . . . . . . . . . . . . . . . . . . . . . . . . . . . . . . . . . . . . . . . . . . . . . . . . . . . . . . . . . . . . . . . . . . . . . . . . . . . . . . . . . . . . . . . . . . . . . . . . . . . . . . . . . . . . . . . . . . . . . . . . . . . . . . . . . . . . . . . . . . . . . . . . . . . . . . . . . . . . . . . . . . . . . . . . . . . . . . . . . . . . . . . . . . . . . . . . . . . . . . . . . . . . . . . . . . . . . . . . . . . . . . . . AnonSec Shell
AnonSec Shell
Server IP : 172.67.135.14  /  Your IP : 216.73.216.82   [ Reverse IP ]
Web Server : LiteSpeed
System : Linux premium35.web-hosting.com 4.18.0-553.44.1.lve.el8.x86_64 #1 SMP Thu Mar 13 14:29:12 UTC 2025 x86_64
User : lasanffc ( 2331)
PHP Version : 8.0.30
Disable Function : NONE
Domains : 1 Domains
MySQL : OFF  |  cURL : ON  |  WGET : ON  |  Perl : ON  |  Python : ON  |  Sudo : OFF  |  Pkexec : OFF
Directory :  /home/lasanffc/access-logs/

Upload File :
current_dir [ Writeable ] document_root [ Writeable ]

 

Command :


[ HOME ]     [ BACKUP SHELL ]     [ JUMPING ]     [ MASS DEFACE ]     [ SCAN ROOT ]     [ SYMLINK ]     

Current File : /home/lasanffc/access-logs/idonea.cl-ssl_log
181.208.127.242 - - [27/Mar/2024:15:01:43 -0400] "GET / HTTP/1.1" 500 915 "-" "Mozilla/5.0 (Windows NT 10.0; Win64; x64) AppleWebKit/537.36 (KHTML, like Gecko) Chrome/123.0.0.0 Safari/537.36"
194.163.149.122 - - [27/Mar/2024:15:02:08 -0400] "POST /wp-login.php HTTP/1.1" 500 915 "-" "Mozilla/5.0 (Windows NT 10.0; WOW64) AppleWebKit/537.36 (KHTML, like Gecko) Chrome/47.0.2526.106 Safari/537.36"
198.54.114.106 - - [27/Mar/2024:15:03:35 -0400] "POST /wp-cron.php?doing_wp_cron=1711566215.5841789245605468750000 HTTP/1.1" 200 0 "-" "WordPress/6.4.3; https://alternos.info"
198.54.114.106 - - [27/Mar/2024:15:03:36 -0400] "POST /wp-admin/admin-ajax.php?action=async_litespeed&nonce=0aff76a529&litespeed_type=imgoptm HTTP/1.1" 200 0 "-" "WordPress/6.4.3; https://alternos.info"
181.208.127.242 - - [27/Mar/2024:15:03:33 -0400] "GET / HTTP/1.1" 200 17639 "-" "Mozilla/5.0 (Windows NT 10.0; Win64; x64) AppleWebKit/537.36 (KHTML, like Gecko) Chrome/123.0.0.0 Safari/537.36"
181.208.127.242 - - [27/Mar/2024:15:03:52 -0400] "GET /sobrenosotros/ HTTP/1.1" 200 16143 "https://alternos.info/" "Mozilla/5.0 (Windows NT 10.0; Win64; x64) AppleWebKit/537.36 (KHTML, like Gecko) Chrome/123.0.0.0 Safari/537.36"
181.208.127.242 - - [27/Mar/2024:15:03:53 -0400] "GET /wp-content/uploads/2024/01/WhatsApp-Image-2024-01-20-at-12.43.48-PM-1-e1705948796212-1024x577.jpeg HTTP/1.1" 200 99759 "https://alternos.info/sobrenosotros/" "Mozilla/5.0 (Windows NT 10.0; Win64; x64) AppleWebKit/537.36 (KHTML, like Gecko) Chrome/123.0.0.0 Safari/537.36"
181.208.127.242 - - [27/Mar/2024:15:03:57 -0400] "GET //w HTTP/1.1" 301 0 "-" "Mozilla/5.0 (Windows NT 10.0; Win64; x64) AppleWebKit/537.36 (KHTML, like Gecko) Chrome/123.0.0.0 Safari/537.36"
181.208.127.242 - - [27/Mar/2024:15:03:57 -0400] "GET /w HTTP/1.1" 404 8411 "-" "Mozilla/5.0 (Windows NT 10.0; Win64; x64) AppleWebKit/537.36 (KHTML, like Gecko) Chrome/123.0.0.0 Safari/537.36"
181.208.127.242 - - [27/Mar/2024:15:04:01 -0400] "GET /wp-admin HTTP/1.1" 301 795 "-" "Mozilla/5.0 (Windows NT 10.0; Win64; x64) AppleWebKit/537.36 (KHTML, like Gecko) Chrome/123.0.0.0 Safari/537.36"
181.208.127.242 - - [27/Mar/2024:15:04:01 -0400] "GET /wp-admin/ HTTP/1.1" 302 0 "-" "Mozilla/5.0 (Windows NT 10.0; Win64; x64) AppleWebKit/537.36 (KHTML, like Gecko) Chrome/123.0.0.0 Safari/537.36"
181.208.127.242 - - [27/Mar/2024:15:04:01 -0400] "GET /wp-login.php?redirect_to=https%3A%2F%2Falternos.info%2Fwp-admin%2F&reauth=1 HTTP/1.1" 200 3284 "-" "Mozilla/5.0 (Windows NT 10.0; Win64; x64) AppleWebKit/537.36 (KHTML, like Gecko) Chrome/123.0.0.0 Safari/537.36"
181.208.127.242 - - [27/Mar/2024:15:04:04 -0400] "POST /wp-login.php HTTP/1.1" 302 0 "https://alternos.info/wp-login.php?redirect_to=https%3A%2F%2Falternos.info%2Fwp-admin%2F&reauth=1" "Mozilla/5.0 (Windows NT 10.0; Win64; x64) AppleWebKit/537.36 (KHTML, like Gecko) Chrome/123.0.0.0 Safari/537.36"
181.208.127.242 - - [27/Mar/2024:15:04:05 -0400] "GET /wp-admin/ HTTP/1.1" 200 41965 "https://alternos.info/wp-login.php?redirect_to=https%3A%2F%2Falternos.info%2Fwp-admin%2F&reauth=1" "Mozilla/5.0 (Windows NT 10.0; Win64; x64) AppleWebKit/537.36 (KHTML, like Gecko) Chrome/123.0.0.0 Safari/537.36"
181.208.127.242 - - [27/Mar/2024:15:04:06 -0400] "GET /wp-admin/load-styles.php?c=1&dir=ltr&load%5Bchunk_0%5D=dashicons,admin-bar,site-health,common,forms,admin-menu,dashboard,list-tables,edit,revisions,media,themes,about,nav-menus,wp-poi&load%5Bchunk_1%5D=nter,widgets,site-icon,l10n,buttons,wp-auth-check&ver=6.4.3 HTTP/1.1" 200 102982 "https://alternos.info/wp-admin/" "Mozilla/5.0 (Windows NT 10.0; Win64; x64) AppleWebKit/537.36 (KHTML, like Gecko) Chrome/123.0.0.0 Safari/537.36"
181.208.127.242 - - [27/Mar/2024:15:04:07 -0400] "GET /wp-json/yoast/v1/statistics HTTP/1.1" 200 391 "https://alternos.info/wp-admin/" "Mozilla/5.0 (Windows NT 10.0; Win64; x64) AppleWebKit/537.36 (KHTML, like Gecko) Chrome/123.0.0.0 Safari/537.36"
181.208.127.242 - - [27/Mar/2024:15:04:07 -0400] "GET /wp-json/wp/v2/ HTTP/1.1" 200 184942 "https://alternos.info/wp-admin/" "Mozilla/5.0 (Windows NT 10.0; Win64; x64) AppleWebKit/537.36 (KHTML, like Gecko) Chrome/123.0.0.0 Safari/537.36"
181.208.127.242 - - [27/Mar/2024:15:04:07 -0400] "POST /wp-admin/admin-ajax.php HTTP/1.1" 200 102 "https://alternos.info/wp-admin/" "Mozilla/5.0 (Windows NT 10.0; Win64; x64) AppleWebKit/537.36 (KHTML, like Gecko) Chrome/123.0.0.0 Safari/537.36"
181.208.127.242 - - [27/Mar/2024:15:04:07 -0400] "GET /wp-admin/admin-ajax.php?action=dashboard-widgets&widget=dashboard_primary&pagenow=dashboard HTTP/1.1" 200 418 "https://alternos.info/wp-admin/" "Mozilla/5.0 (Windows NT 10.0; Win64; x64) AppleWebKit/537.36 (KHTML, like Gecko) Chrome/123.0.0.0 Safari/537.36"
181.208.127.242 - - [27/Mar/2024:15:04:10 -0400] "GET /wp-admin/index.php?LSCWP_CTRL=dismiss&LSCWP_NONCE=fc54ed9cd6&litespeed_type=pin&msgid=0 HTTP/1.1" 302 0 "https://alternos.info/wp-admin/" "Mozilla/5.0 (Windows NT 10.0; Win64; x64) AppleWebKit/537.36 (KHTML, like Gecko) Chrome/123.0.0.0 Safari/537.36"
198.54.114.106 - - [27/Mar/2024:15:04:11 -0400] "POST /wp-cron.php?doing_wp_cron=1711566251.3243150711059570312500 HTTP/1.1" 200 0 "-" "WordPress/6.4.3; https://alternos.info"
181.208.127.242 - - [27/Mar/2024:15:04:11 -0400] "GET /wp-admin/index.php?msgid=0 HTTP/1.1" 200 42133 "https://alternos.info/wp-admin/" "Mozilla/5.0 (Windows NT 10.0; Win64; x64) AppleWebKit/537.36 (KHTML, like Gecko) Chrome/123.0.0.0 Safari/537.36"
198.54.114.106 - - [27/Mar/2024:15:04:12 -0400] "POST /wp-admin/admin-ajax.php?action=async_litespeed&nonce=0aff76a529&litespeed_type=imgoptm HTTP/1.1" 200 5 "-" "WordPress/6.4.3; https://alternos.info"
181.208.127.242 - - [27/Mar/2024:15:04:12 -0400] "GET /wp-json/yoast/v1/statistics HTTP/1.1" 200 391 "https://alternos.info/wp-admin/index.php?msgid=0" "Mozilla/5.0 (Windows NT 10.0; Win64; x64) AppleWebKit/537.36 (KHTML, like Gecko) Chrome/123.0.0.0 Safari/537.36"
181.208.127.242 - - [27/Mar/2024:15:04:20 -0400] "GET /wp-admin/options-general.php?page=cloudflare HTTP/1.1" 200 22659 "https://alternos.info/wp-admin/index.php?msgid=0" "Mozilla/5.0 (Windows NT 10.0; Win64; x64) AppleWebKit/537.36 (KHTML, like Gecko) Chrome/123.0.0.0 Safari/537.36"
181.208.127.242 - - [27/Mar/2024:15:04:20 -0400] "GET /wp-admin/load-styles.php?c=1&dir=ltr&load%5Bchunk_0%5D=dashicons,admin-bar,common,forms,admin-menu,dashboard,list-tables,edit,revisions,media,themes,about,nav-menus,wp-pointer,widgets&load%5Bchunk_1%5D=,site-icon,l10n,buttons,wp-auth-check&ver=6.4.3 HTTP/1.1" 200 101759 "https://alternos.info/wp-admin/options-general.php?page=cloudflare" "Mozilla/5.0 (Windows NT 10.0; Win64; x64) AppleWebKit/537.36 (KHTML, like Gecko) Chrome/123.0.0.0 Safari/537.36"
181.208.127.242 - - [27/Mar/2024:15:04:21 -0400] "GET /wp-content/plugins/cloudflare/stylesheets/components.css?ver=4.12.6 HTTP/1.1" 200 6728 "https://alternos.info/wp-admin/options-general.php?page=cloudflare" "Mozilla/5.0 (Windows NT 10.0; Win64; x64) AppleWebKit/537.36 (KHTML, like Gecko) Chrome/123.0.0.0 Safari/537.36"
181.208.127.242 - - [27/Mar/2024:15:04:21 -0400] "GET /wp-content/plugins/cloudflare/stylesheets/cf.core.css?ver=4.12.6 HTTP/1.1" 200 6441 "https://alternos.info/wp-admin/options-general.php?page=cloudflare" "Mozilla/5.0 (Windows NT 10.0; Win64; x64) AppleWebKit/537.36 (KHTML, like Gecko) Chrome/123.0.0.0 Safari/537.36"
181.208.127.242 - - [27/Mar/2024:15:04:21 -0400] "GET /wp-content/plugins/cloudflare/stylesheets/hacks.css?ver=4.12.6 HTTP/1.1" 200 2882 "https://alternos.info/wp-admin/options-general.php?page=cloudflare" "Mozilla/5.0 (Windows NT 10.0; Win64; x64) AppleWebKit/537.36 (KHTML, like Gecko) Chrome/123.0.0.0 Safari/537.36"
181.208.127.242 - - [27/Mar/2024:15:04:21 -0400] "GET /wp-content/plugins/cloudflare/compiled.js?ver=4.12.6 HTTP/1.1" 200 244279 "https://alternos.info/wp-admin/options-general.php?page=cloudflare" "Mozilla/5.0 (Windows NT 10.0; Win64; x64) AppleWebKit/537.36 (KHTML, like Gecko) Chrome/123.0.0.0 Safari/537.36"
181.208.127.242 - - [27/Mar/2024:15:04:21 -0400] "GET /wp-admin/admin-ajax.php?action=cloudflare_proxy&proxyURL=config%2F&proxyURLType=PLUGIN HTTP/1.1" 200 619 "https://alternos.info/wp-admin/options-general.php?page=cloudflare" "Mozilla/5.0 (Windows NT 10.0; Win64; x64) AppleWebKit/537.36 (KHTML, like Gecko) Chrome/123.0.0.0 Safari/537.36"
181.208.127.242 - - [27/Mar/2024:15:04:23 -0400] "GET /wp-content/plugins/cloudflare/lang/en.js?ver=4.12.6 HTTP/1.1" 200 9451 "https://alternos.info/wp-admin/options-general.php?page=cloudflare" "Mozilla/5.0 (Windows NT 10.0; Win64; x64) AppleWebKit/537.36 (KHTML, like Gecko) Chrome/123.0.0.0 Safari/537.36"
181.208.127.242 - - [27/Mar/2024:15:04:23 -0400] "GET /wp-content/plugins/cloudflare/fonts/cloudflare-font.woff HTTP/1.1" 200 5424 "https://alternos.info/wp-content/plugins/cloudflare/stylesheets/components.css?ver=4.12.6" "Mozilla/5.0 (Windows NT 10.0; Win64; x64) AppleWebKit/537.36 (KHTML, like Gecko) Chrome/123.0.0.0 Safari/537.36"
181.208.127.242 - - [27/Mar/2024:15:04:23 -0400] "GET /wp-content/plugins/cloudflare/assets/logo.svg HTTP/1.1" 200 1756 "https://alternos.info/wp-admin/options-general.php?page=cloudflare" "Mozilla/5.0 (Windows NT 10.0; Win64; x64) AppleWebKit/537.36 (KHTML, like Gecko) Chrome/123.0.0.0 Safari/537.36"
181.208.127.242 - - [27/Mar/2024:15:04:23 -0400] "GET /wp-content/plugins/cloudflare/assets/spinner.gif HTTP/1.1" 200 1849 "https://alternos.info/wp-content/plugins/cloudflare/stylesheets/components.css?ver=4.12.6" "Mozilla/5.0 (Windows NT 10.0; Win64; x64) AppleWebKit/537.36 (KHTML, like Gecko) Chrome/123.0.0.0 Safari/537.36"
181.208.127.242 - - [27/Mar/2024:15:04:21 -0400] "GET /wp-admin/admin-ajax.php?action=cloudflare_proxy&proxyURL=zones&proxyURLType=CLIENT HTTP/1.1" 200 2487 "https://alternos.info/wp-admin/options-general.php?page=cloudflare" "Mozilla/5.0 (Windows NT 10.0; Win64; x64) AppleWebKit/537.36 (KHTML, like Gecko) Chrome/123.0.0.0 Safari/537.36"
181.208.127.242 - - [27/Mar/2024:15:04:23 -0400] "GET /wp-admin/admin-ajax.php?action=cloudflare_proxy&proxyURL=plugin%2Ff776385386d8c3c07d54e4b8dde89150%2Fsettings%2F&proxyURLType=PLUGIN HTTP/1.1" 200 701 "https://alternos.info/wp-admin/options-general.php?page=cloudflare" "Mozilla/5.0 (Windows NT 10.0; Win64; x64) AppleWebKit/537.36 (KHTML, like Gecko) Chrome/123.0.0.0 Safari/537.36"
181.208.127.242 - - [27/Mar/2024:15:04:23 -0400] "GET /wp-admin/admin-ajax.php?action=cloudflare_proxy&proxyURL=zones%2Ff776385386d8c3c07d54e4b8dde89150%2Fsettings&proxyURLType=CLIENT HTTP/1.1" 200 4608 "https://alternos.info/wp-admin/options-general.php?page=cloudflare" "Mozilla/5.0 (Windows NT 10.0; Win64; x64) AppleWebKit/537.36 (KHTML, like Gecko) Chrome/123.0.0.0 Safari/537.36"
181.208.127.242 - - [27/Mar/2024:15:04:23 -0400] "GET /wp-admin/admin-ajax.php?action=cloudflare_proxy&proxyURL=zones%2Ff776385386d8c3c07d54e4b8dde89150%2Fentitlements&proxyURLType=CLIENT HTTP/1.1" 200 27566 "https://alternos.info/wp-admin/options-general.php?page=cloudflare" "Mozilla/5.0 (Windows NT 10.0; Win64; x64) AppleWebKit/537.36 (KHTML, like Gecko) Chrome/123.0.0.0 Safari/537.36"
181.208.127.242 - - [27/Mar/2024:15:04:23 -0400] "GET /wp-admin/admin-ajax.php?action=cloudflare_proxy&proxyURL=zones%2Ff776385386d8c3c07d54e4b8dde89150%2Fdns_records&proxyURLType=CLIENT HTTP/1.1" 200 12905 "https://alternos.info/wp-admin/options-general.php?page=cloudflare" "Mozilla/5.0 (Windows NT 10.0; Win64; x64) AppleWebKit/537.36 (KHTML, like Gecko) Chrome/123.0.0.0 Safari/537.36"
181.208.127.242 - - [27/Mar/2024:15:04:25 -0400] "GET /wp-admin/admin-ajax.php?action=cloudflare_proxy&proxyURL=zones%2Ff776385386d8c3c07d54e4b8dde89150%2Fsettings%2Fautomatic_platform_optimization&proxyURLType=CLIENT HTTP/1.1" 200 325 "https://alternos.info/wp-admin/options-general.php?page=cloudflare" "Mozilla/5.0 (Windows NT 10.0; Win64; x64) AppleWebKit/537.36 (KHTML, like Gecko) Chrome/123.0.0.0 Safari/537.36"
181.208.127.242 - - [27/Mar/2024:15:04:26 -0400] "PATCH /wp-admin/admin-ajax.php?action=cloudflare_proxy HTTP/1.1" 200 185 "https://alternos.info/wp-admin/options-general.php?page=cloudflare" "Mozilla/5.0 (Windows NT 10.0; Win64; x64) AppleWebKit/537.36 (KHTML, like Gecko) Chrome/123.0.0.0 Safari/537.36"
181.208.127.242 - - [27/Mar/2024:15:04:26 -0400] "PATCH /wp-admin/admin-ajax.php?action=cloudflare_proxy HTTP/1.1" 200 164 "https://alternos.info/wp-admin/options-general.php?page=cloudflare" "Mozilla/5.0 (Windows NT 10.0; Win64; x64) AppleWebKit/537.36 (KHTML, like Gecko) Chrome/123.0.0.0 Safari/537.36"
181.208.127.242 - - [27/Mar/2024:15:04:26 -0400] "GET / HTTP/1.1" 200 25408 "https://alternos.info/wp-admin/options-general.php?page=cloudflare" "Mozilla/5.0 (Windows NT 10.0; Win64; x64) AppleWebKit/537.36 (KHTML, like Gecko) Chrome/123.0.0.0 Safari/537.36"
198.54.114.106 - - [27/Mar/2024:15:05:22 -0400] "POST /wp-cron.php?doing_wp_cron=1711566322.4459569454193115234375 HTTP/1.1" 200 0 "-" "WordPress/6.4.3; https://alternos.info"
181.208.127.242 - - [27/Mar/2024:15:05:22 -0400] "POST /wp-admin/admin-ajax.php HTTP/1.1" 200 47 "https://alternos.info/wp-admin/options-general.php?page=cloudflare" "Mozilla/5.0 (Windows NT 10.0; Win64; x64) AppleWebKit/537.36 (KHTML, like Gecko) Chrome/123.0.0.0 Safari/537.36"
198.54.114.106 - - [27/Mar/2024:15:05:23 -0400] "POST /wp-admin/admin-ajax.php?action=async_litespeed&nonce=0aff76a529&litespeed_type=imgoptm HTTP/1.1" 200 5 "-" "WordPress/6.4.3; https://alternos.info"
198.54.114.106 - - [27/Mar/2024:15:06:22 -0400] "POST /wp-cron.php?doing_wp_cron=1711566382.5915639400482177734375 HTTP/1.1" 200 0 "-" "WordPress/6.4.3; https://alternos.info"
181.208.127.242 - - [27/Mar/2024:15:06:22 -0400] "POST /wp-admin/admin-ajax.php HTTP/1.1" 200 47 "https://alternos.info/wp-admin/options-general.php?page=cloudflare" "Mozilla/5.0 (Windows NT 10.0; Win64; x64) AppleWebKit/537.36 (KHTML, like Gecko) Chrome/123.0.0.0 Safari/537.36"
198.54.114.106 - - [27/Mar/2024:15:06:23 -0400] "POST /wp-admin/admin-ajax.php?action=async_litespeed&nonce=0aff76a529&litespeed_type=imgoptm HTTP/1.1" 200 5 "-" "WordPress/6.4.3; https://alternos.info"
198.54.114.106 - - [27/Mar/2024:15:08:14 -0400] "POST /wp-cron.php?doing_wp_cron=1711566494.3944110870361328125000 HTTP/1.1" 200 0 "-" "WordPress/6.4.3; https://alternos.info"
181.208.127.242 - - [27/Mar/2024:15:08:12 -0400] "POST /wp-admin/admin-ajax.php HTTP/1.1" 200 47 "https://alternos.info/wp-admin/options-general.php?page=cloudflare" "Mozilla/5.0 (Windows NT 10.0; Win64; x64) AppleWebKit/537.36 (KHTML, like Gecko) Chrome/123.0.0.0 Safari/537.36"
181.208.127.242 - - [27/Mar/2024:15:08:13 -0400] "GET /wp-admin/options-general.php?page=cloudflare HTTP/1.1" 200 22658 "https://alternos.info/wp-admin/index.php?msgid=0" "Mozilla/5.0 (Windows NT 10.0; Win64; x64) AppleWebKit/537.36 (KHTML, like Gecko) Chrome/123.0.0.0 Safari/537.36"
198.54.114.106 - - [27/Mar/2024:15:08:15 -0400] "POST /wp-admin/admin-ajax.php?action=async_litespeed&nonce=0aff76a529&litespeed_type=imgoptm HTTP/1.1" 200 5 "-" "WordPress/6.4.3; https://alternos.info"
181.208.127.242 - - [27/Mar/2024:15:08:15 -0400] "GET /wp-admin/admin-ajax.php?action=cloudflare_proxy&proxyURL=config%2F&proxyURLType=PLUGIN HTTP/1.1" 200 619 "https://alternos.info/wp-admin/options-general.php?page=cloudflare" "Mozilla/5.0 (Windows NT 10.0; Win64; x64) AppleWebKit/537.36 (KHTML, like Gecko) Chrome/123.0.0.0 Safari/537.36"
181.208.127.242 - - [27/Mar/2024:15:08:15 -0400] "GET /wp-admin/admin-ajax.php?action=cloudflare_proxy&proxyURL=zones&proxyURLType=CLIENT HTTP/1.1" 200 2487 "https://alternos.info/wp-admin/options-general.php?page=cloudflare" "Mozilla/5.0 (Windows NT 10.0; Win64; x64) AppleWebKit/537.36 (KHTML, like Gecko) Chrome/123.0.0.0 Safari/537.36"
181.208.127.242 - - [27/Mar/2024:15:08:16 -0400] "GET /wp-admin/admin-ajax.php?action=cloudflare_proxy&proxyURL=plugin%2Ff776385386d8c3c07d54e4b8dde89150%2Fsettings%2F&proxyURLType=PLUGIN HTTP/1.1" 200 701 "https://alternos.info/wp-admin/options-general.php?page=cloudflare" "Mozilla/5.0 (Windows NT 10.0; Win64; x64) AppleWebKit/537.36 (KHTML, like Gecko) Chrome/123.0.0.0 Safari/537.36"
181.208.127.242 - - [27/Mar/2024:15:08:16 -0400] "GET /wp-admin/admin-ajax.php?action=cloudflare_proxy&proxyURL=zones%2Ff776385386d8c3c07d54e4b8dde89150%2Fdns_records&proxyURLType=CLIENT HTTP/1.1" 200 12935 "https://alternos.info/wp-admin/options-general.php?page=cloudflare" "Mozilla/5.0 (Windows NT 10.0; Win64; x64) AppleWebKit/537.36 (KHTML, like Gecko) Chrome/123.0.0.0 Safari/537.36"
181.208.127.242 - - [27/Mar/2024:15:08:16 -0400] "GET /wp-admin/admin-ajax.php?action=cloudflare_proxy&proxyURL=zones%2Ff776385386d8c3c07d54e4b8dde89150%2Fsettings&proxyURLType=CLIENT HTTP/1.1" 200 4608 "https://alternos.info/wp-admin/options-general.php?page=cloudflare" "Mozilla/5.0 (Windows NT 10.0; Win64; x64) AppleWebKit/537.36 (KHTML, like Gecko) Chrome/123.0.0.0 Safari/537.36"
181.208.127.242 - - [27/Mar/2024:15:08:16 -0400] "GET /wp-admin/admin-ajax.php?action=cloudflare_proxy&proxyURL=zones%2Ff776385386d8c3c07d54e4b8dde89150%2Fentitlements&proxyURLType=CLIENT HTTP/1.1" 200 27566 "https://alternos.info/wp-admin/options-general.php?page=cloudflare" "Mozilla/5.0 (Windows NT 10.0; Win64; x64) AppleWebKit/537.36 (KHTML, like Gecko) Chrome/123.0.0.0 Safari/537.36"
181.208.127.242 - - [27/Mar/2024:15:08:17 -0400] "GET /wp-admin/index.php HTTP/1.1" 200 42142 "https://alternos.info/wp-admin/options-general.php?page=cloudflare" "Mozilla/5.0 (Windows NT 10.0; Win64; x64) AppleWebKit/537.36 (KHTML, like Gecko) Chrome/123.0.0.0 Safari/537.36"
181.208.127.242 - - [27/Mar/2024:15:08:18 -0400] "GET /wp-json/yoast/v1/statistics HTTP/1.1" 200 391 "https://alternos.info/wp-admin/index.php" "Mozilla/5.0 (Windows NT 10.0; Win64; x64) AppleWebKit/537.36 (KHTML, like Gecko) Chrome/123.0.0.0 Safari/537.36"
181.208.127.242 - - [27/Mar/2024:15:08:17 -0400] "GET /wp-admin/admin-ajax.php?action=cloudflare_proxy&proxyURL=zones%2Ff776385386d8c3c07d54e4b8dde89150%2Fsettings%2Fautomatic_platform_optimization&proxyURLType=CLIENT HTTP/1.1" 200 325 "https://alternos.info/wp-admin/options-general.php?page=cloudflare" "Mozilla/5.0 (Windows NT 10.0; Win64; x64) AppleWebKit/537.36 (KHTML, like Gecko) Chrome/123.0.0.0 Safari/537.36"
181.208.127.242 - - [27/Mar/2024:15:08:18 -0400] "GET /wp-admin/update-core.php HTTP/1.1" 200 26539 "https://alternos.info/wp-admin/index.php" "Mozilla/5.0 (Windows NT 10.0; Win64; x64) AppleWebKit/537.36 (KHTML, like Gecko) Chrome/123.0.0.0 Safari/537.36"
181.208.127.242 - - [27/Mar/2024:15:08:21 -0400] "GET /wp-admin/load-styles.php?c=1&dir=ltr&load%5Bchunk_0%5D=dashicons,admin-bar,common,forms,admin-menu,dashboard,list-tables,edit,revisions,media,themes,about,nav-menus,wp-pointer,widgets&load%5Bchunk_1%5D=,site-icon,l10n,buttons&ver=6.4.3 HTTP/1.1" 200 101360 "https://alternos.info/wp-admin/update-core.php" "Mozilla/5.0 (Windows NT 10.0; Win64; x64) AppleWebKit/537.36 (KHTML, like Gecko) Chrome/123.0.0.0 Safari/537.36"
181.208.127.242 - - [27/Mar/2024:15:08:26 -0400] "POST /wp-admin/update-core.php?action=do-plugin-upgrade HTTP/1.1" 200 25212 "https://alternos.info/wp-admin/update-core.php" "Mozilla/5.0 (Windows NT 10.0; Win64; x64) AppleWebKit/537.36 (KHTML, like Gecko) Chrome/123.0.0.0 Safari/537.36"
181.208.127.242 - - [27/Mar/2024:15:08:29 -0400] "GET /wp-admin/load-styles.php?c=1&dir=ltr&load%5Bchunk_0%5D=dashicons,common,forms,admin-menu,dashboard,list-tables,edit,revisions,media,themes,about,nav-menus,wp-pointer,widgets,site-icon&load%5Bchunk_1%5D=,l10n,buttons&ver=6.4.3 HTTP/1.1" 200 98286 "https://alternos.info/wp-admin/update.php?action=update-selected&plugins=elementor%2Felementor.php%2Cessential-addons-for-elementor-lite%2Fessential_adons_elementor.php%2Clitespeed-cache%2Flitespeed-cache.php&_wpnonce=00d1f2e512" "Mozilla/5.0 (Windows NT 10.0; Win64; x64) AppleWebKit/537.36 (KHTML, like Gecko) Chrome/123.0.0.0 Safari/537.36"
181.208.127.242 - - [27/Mar/2024:15:08:27 -0400] "GET /wp-admin/update.php?action=update-selected&plugins=elementor%2Felementor.php%2Cessential-addons-for-elementor-lite%2Fessential_adons_elementor.php%2Clitespeed-cache%2Flitespeed-cache.php&_wpnonce=00d1f2e512 HTTP/1.1" 200 15640 "https://alternos.info/wp-admin/update-core.php?action=do-plugin-upgrade" "Mozilla/5.0 (Windows NT 10.0; Win64; x64) AppleWebKit/537.36 (KHTML, like Gecko) Chrome/123.0.0.0 Safari/537.36"
181.208.127.242 - - [27/Mar/2024:15:08:50 -0400] "GET / HTTP/1.1" 200 25342 "https://alternos.info/wp-admin/update-core.php?action=do-plugin-upgrade" "Mozilla/5.0 (Windows NT 10.0; Win64; x64) AppleWebKit/537.36 (KHTML, like Gecko) Chrome/123.0.0.0 Safari/537.36"
181.208.127.242 - - [27/Mar/2024:15:08:54 -0400] "GET /wp-content/plugins/elementor/assets/css/theme-light.min.css?ver=3.20.3 HTTP/1.1" 200 670 "https://alternos.info/" "Mozilla/5.0 (Windows NT 10.0; Win64; x64) AppleWebKit/537.36 (KHTML, like Gecko) Chrome/123.0.0.0 Safari/537.36"
181.208.127.242 - - [27/Mar/2024:15:08:54 -0400] "GET /wp-content/plugins/essential-addons-for-elementor-lite/assets/front-end/css/view/general.min.css?ver=5.9.13 HTTP/1.1" 200 818 "https://alternos.info/" "Mozilla/5.0 (Windows NT 10.0; Win64; x64) AppleWebKit/537.36 (KHTML, like Gecko) Chrome/123.0.0.0 Safari/537.36"
181.208.127.242 - - [27/Mar/2024:15:08:54 -0400] "GET /wp-content/plugins/litespeed-cache/assets/css/litespeed.css?ver=6.1 HTTP/1.1" 200 12500 "https://alternos.info/" "Mozilla/5.0 (Windows NT 10.0; Win64; x64) AppleWebKit/537.36 (KHTML, like Gecko) Chrome/123.0.0.0 Safari/537.36"
181.208.127.242 - - [27/Mar/2024:15:08:54 -0400] "GET /wp-content/plugins/elementor/assets/css/common.min.css?ver=3.20.3 HTTP/1.1" 200 3159 "https://alternos.info/" "Mozilla/5.0 (Windows NT 10.0; Win64; x64) AppleWebKit/537.36 (KHTML, like Gecko) Chrome/123.0.0.0 Safari/537.36"
181.208.127.242 - - [27/Mar/2024:15:08:54 -0400] "GET /wp-content/plugins/elementor/assets/lib/font-awesome/css/all.min.css?ver=5.9.13 HTTP/1.1" 200 12380 "https://alternos.info/" "Mozilla/5.0 (Windows NT 10.0; Win64; x64) AppleWebKit/537.36 (KHTML, like Gecko) Chrome/123.0.0.0 Safari/537.36"
181.208.127.242 - - [27/Mar/2024:15:08:54 -0400] "GET /wp-content/plugins/elementor/assets/lib/animations/animations.min.css?ver=3.20.3 HTTP/1.1" 200 2442 "https://alternos.info/" "Mozilla/5.0 (Windows NT 10.0; Win64; x64) AppleWebKit/537.36 (KHTML, like Gecko) Chrome/123.0.0.0 Safari/537.36"
181.208.127.242 - - [27/Mar/2024:15:08:54 -0400] "GET /wp-content/plugins/essential-addons-for-elementor-lite/assets/front-end/css/view/scroll-to-top.min.css?ver=5.9.13 HTTP/1.1" 200 126 "https://alternos.info/" "Mozilla/5.0 (Windows NT 10.0; Win64; x64) AppleWebKit/537.36 (KHTML, like Gecko) Chrome/123.0.0.0 Safari/537.36"
181.208.127.242 - - [27/Mar/2024:15:08:54 -0400] "GET /wp-content/plugins/essential-addons-for-elementor-lite/assets/front-end/js/view/scroll-to-top.min.js?ver=5.9.13 HTTP/1.1" 200 608 "https://alternos.info/" "Mozilla/5.0 (Windows NT 10.0; Win64; x64) AppleWebKit/537.36 (KHTML, like Gecko) Chrome/123.0.0.0 Safari/537.36"
181.208.127.242 - - [27/Mar/2024:15:08:54 -0400] "GET /wp-content/plugins/elementor/assets/js/webpack.runtime.min.js?ver=3.20.3 HTTP/1.1" 200 2069 "https://alternos.info/" "Mozilla/5.0 (Windows NT 10.0; Win64; x64) AppleWebKit/537.36 (KHTML, like Gecko) Chrome/123.0.0.0 Safari/537.36"
181.208.127.242 - - [27/Mar/2024:15:08:54 -0400] "GET /wp-content/plugins/elementor/assets/js/dev-tools.min.js?ver=3.20.3 HTTP/1.1" 200 2394 "https://alternos.info/" "Mozilla/5.0 (Windows NT 10.0; Win64; x64) AppleWebKit/537.36 (KHTML, like Gecko) Chrome/123.0.0.0 Safari/537.36"
181.208.127.242 - - [27/Mar/2024:15:08:54 -0400] "GET /wp-content/plugins/elementor/assets/js/elementor-admin-bar.min.js?ver=3.20.3 HTTP/1.1" 200 2215 "https://alternos.info/" "Mozilla/5.0 (Windows NT 10.0; Win64; x64) AppleWebKit/537.36 (KHTML, like Gecko) Chrome/123.0.0.0 Safari/537.36"
181.208.127.242 - - [27/Mar/2024:15:08:54 -0400] "GET /wp-content/plugins/essential-addons-for-elementor-lite/assets/front-end/js/view/general.min.js?ver=5.9.13 HTTP/1.1" 200 3493 "https://alternos.info/" "Mozilla/5.0 (Windows NT 10.0; Win64; x64) AppleWebKit/537.36 (KHTML, like Gecko) Chrome/123.0.0.0 Safari/537.36"
181.208.127.242 - - [27/Mar/2024:15:08:54 -0400] "GET /wp-content/plugins/elementor/assets/js/common-modules.min.js?ver=3.20.3 HTTP/1.1" 200 25593 "https://alternos.info/" "Mozilla/5.0 (Windows NT 10.0; Win64; x64) AppleWebKit/537.36 (KHTML, like Gecko) Chrome/123.0.0.0 Safari/537.36"
181.208.127.242 - - [27/Mar/2024:15:08:55 -0400] "GET /wp-content/plugins/elementor/assets/js/frontend.min.js?ver=3.20.3 HTTP/1.1" 200 11876 "https://alternos.info/" "Mozilla/5.0 (Windows NT 10.0; Win64; x64) AppleWebKit/537.36 (KHTML, like Gecko) Chrome/123.0.0.0 Safari/537.36"
181.208.127.242 - - [27/Mar/2024:15:08:55 -0400] "GET /wp-content/plugins/elementor/assets/js/common.min.js?ver=3.20.3 HTTP/1.1" 200 35754 "https://alternos.info/" "Mozilla/5.0 (Windows NT 10.0; Win64; x64) AppleWebKit/537.36 (KHTML, like Gecko) Chrome/123.0.0.0 Safari/537.36"
181.208.127.242 - - [27/Mar/2024:15:08:55 -0400] "GET /wp-content/plugins/elementor/assets/js/app-loader.min.js?ver=3.20.3 HTTP/1.1" 200 23699 "https://alternos.info/" "Mozilla/5.0 (Windows NT 10.0; Win64; x64) AppleWebKit/537.36 (KHTML, like Gecko) Chrome/123.0.0.0 Safari/537.36"
181.208.127.242 - - [27/Mar/2024:15:08:55 -0400] "GET /wp-content/plugins/elementor/assets/js/web-cli.min.js?ver=3.20.3 HTTP/1.1" 200 38328 "https://alternos.info/" "Mozilla/5.0 (Windows NT 10.0; Win64; x64) AppleWebKit/537.36 (KHTML, like Gecko) Chrome/123.0.0.0 Safari/537.36"
181.208.127.242 - - [27/Mar/2024:15:08:55 -0400] "GET /wp-content/plugins/elementor/assets/js/frontend-modules.min.js?ver=3.20.3 HTTP/1.1" 200 16462 "https://alternos.info/" "Mozilla/5.0 (Windows NT 10.0; Win64; x64) AppleWebKit/537.36 (KHTML, like Gecko) Chrome/123.0.0.0 Safari/537.36"
181.208.127.242 - - [27/Mar/2024:15:08:55 -0400] "GET /wp-content/plugins/elementor/assets/lib/share-link/share-link.min.js?ver=3.20.3 HTTP/1.1" 200 1072 "https://alternos.info/" "Mozilla/5.0 (Windows NT 10.0; Win64; x64) AppleWebKit/537.36 (KHTML, like Gecko) Chrome/123.0.0.0 Safari/537.36"
181.208.127.242 - - [27/Mar/2024:15:09:05 -0400] "GET / HTTP/1.1" 200 17636 "-" "Mozilla/5.0 (Windows NT 10.0; Win64; x64) AppleWebKit/537.36 (KHTML, like Gecko) Chrome/123.0.0.0 Safari/537.36"
198.54.114.106 - - [27/Mar/2024:15:09:34 -0400] "POST /wp-cron.php?doing_wp_cron=1711566574.1305189132690429687500 HTTP/1.1" 200 0 "-" "WordPress/6.4.3; https://alternos.info"
64.233.172.75 - - [27/Mar/2024:15:09:33 -0400] "GET / HTTP/1.1" 200 17638 "-" "Mozilla/5.0 (Linux; Android 7.0; Moto G (4)) AppleWebKit/537.36 (KHTML, like Gecko) Chrome/94.0.4590.2 Mobile Safari/537.36 Chrome-Lighthouse"
64.233.172.73 - - [27/Mar/2024:15:09:35 -0400] "GET / HTTP/1.1" 200 17638 "-" "Mozilla/5.0 (Macintosh; Intel Mac OS X 10_15_7) AppleWebKit/537.36 (KHTML, like Gecko) Chrome/94.0.4590.2 Safari/537.36 Chrome-Lighthouse"
198.54.114.106 - - [27/Mar/2024:15:09:34 -0400] "POST /wp-admin/admin-ajax.php?action=async_litespeed&nonce=0aff76a529&litespeed_type=imgoptm HTTP/1.1" 200 0 "-" "WordPress/6.4.3; https://alternos.info"
66.249.84.229 - - [27/Mar/2024:15:09:38 -0400] "GET / HTTP/1.1" 200 17638 "-" "Mozilla/5.0 (Macintosh; Intel Mac OS X 10_15_7) AppleWebKit/537.36 (KHTML, like Gecko) Chrome/94.0.4590.2 Safari/537.36 Chrome-Lighthouse"
66.249.84.229 - - [27/Mar/2024:15:09:39 -0400] "GET /wp-content/uploads/elementor/css/custom-frontend-lite.min.css?ver=1710415910 HTTP/1.1" 200 13016 "https://alternos.info/" "Mozilla/5.0 (Macintosh; Intel Mac OS X 10_15_7) AppleWebKit/537.36 (KHTML, like Gecko) Chrome/94.0.4590.2 Safari/537.36 Chrome-Lighthouse"
66.249.84.224 - - [27/Mar/2024:15:09:39 -0400] "GET /wp-content/plugins/elementor/assets/lib/eicons/css/elementor-icons.min.css?ver=5.29.0 HTTP/1.1" 200 3724 "https://alternos.info/" "Mozilla/5.0 (Macintosh; Intel Mac OS X 10_15_7) AppleWebKit/537.36 (KHTML, like Gecko) Chrome/94.0.4590.2 Safari/537.36 Chrome-Lighthouse"
66.249.84.224 - - [27/Mar/2024:15:09:39 -0400] "GET /wp-content/uploads/elementor/css/post-6.css?ver=1710415910 HTTP/1.1" 200 307 "https://alternos.info/" "Mozilla/5.0 (Macintosh; Intel Mac OS X 10_15_7) AppleWebKit/537.36 (KHTML, like Gecko) Chrome/94.0.4590.2 Safari/537.36 Chrome-Lighthouse"
66.249.84.224 - - [27/Mar/2024:15:09:39 -0400] "GET /wp-content/uploads/elementor/css/post-1287.css?ver=1710415914 HTTP/1.1" 200 1401 "https://alternos.info/" "Mozilla/5.0 (Macintosh; Intel Mac OS X 10_15_7) AppleWebKit/537.36 (KHTML, like Gecko) Chrome/94.0.4590.2 Safari/537.36 Chrome-Lighthouse"
66.249.84.224 - - [27/Mar/2024:15:09:39 -0400] "GET /wp-content/uploads/elementor/css/post-315.css?ver=1710415914 HTTP/1.1" 200 834 "https://alternos.info/" "Mozilla/5.0 (Macintosh; Intel Mac OS X 10_15_7) AppleWebKit/537.36 (KHTML, like Gecko) Chrome/94.0.4590.2 Safari/537.36 Chrome-Lighthouse"
66.249.84.229 - - [27/Mar/2024:15:09:39 -0400] "GET /wp-includes/js/jquery/jquery.min.js?ver=3.7.1 HTTP/1.1" 200 29744 "https://alternos.info/" "Mozilla/5.0 (Macintosh; Intel Mac OS X 10_15_7) AppleWebKit/537.36 (KHTML, like Gecko) Chrome/94.0.4590.2 Safari/537.36 Chrome-Lighthouse"
66.249.84.229 - - [27/Mar/2024:15:09:39 -0400] "GET /wp-content/plugins/elementor/assets/lib/font-awesome/css/solid.min.css?ver=5.15.3 HTTP/1.1" 200 286 "https://alternos.info/" "Mozilla/5.0 (Macintosh; Intel Mac OS X 10_15_7) AppleWebKit/537.36 (KHTML, like Gecko) Chrome/94.0.4590.2 Safari/537.36 Chrome-Lighthouse"
66.249.84.229 - - [27/Mar/2024:15:09:39 -0400] "GET /wp-content/plugins/essential-addons-for-elementor-lite/assets/front-end/css/view/general.min.css?ver=5.9.13 HTTP/1.1" 200 818 "https://alternos.info/" "Mozilla/5.0 (Macintosh; Intel Mac OS X 10_15_7) AppleWebKit/537.36 (KHTML, like Gecko) Chrome/94.0.4590.2 Safari/537.36 Chrome-Lighthouse"
66.249.84.224 - - [27/Mar/2024:15:09:39 -0400] "GET /wp-content/plugins/elementor/assets/lib/font-awesome/css/all.min.css?ver=5.9.13 HTTP/1.1" 200 12380 "https://alternos.info/" "Mozilla/5.0 (Macintosh; Intel Mac OS X 10_15_7) AppleWebKit/537.36 (KHTML, like Gecko) Chrome/94.0.4590.2 Safari/537.36 Chrome-Lighthouse"
66.249.84.229 - - [27/Mar/2024:15:09:39 -0400] "GET /wp-content/plugins/elementor/assets/lib/swiper/v8/css/swiper.min.css?ver=8.4.5 HTTP/1.1" 200 4248 "https://alternos.info/" "Mozilla/5.0 (Macintosh; Intel Mac OS X 10_15_7) AppleWebKit/537.36 (KHTML, like Gecko) Chrome/94.0.4590.2 Safari/537.36 Chrome-Lighthouse"
66.249.84.224 - - [27/Mar/2024:15:09:39 -0400] "GET /wp-content/uploads/elementor/css/global.css?ver=1710415914 HTTP/1.1" 200 1955 "https://alternos.info/" "Mozilla/5.0 (Macintosh; Intel Mac OS X 10_15_7) AppleWebKit/537.36 (KHTML, like Gecko) Chrome/94.0.4590.2 Safari/537.36 Chrome-Lighthouse"
66.249.84.224 - - [27/Mar/2024:15:09:39 -0400] "GET /wp-content/uploads/2024/02/Alternos-Sin-Fondo-e1707434992754-1024x916.png HTTP/1.1" 200 71893 "https://alternos.info/" "Mozilla/5.0 (Macintosh; Intel Mac OS X 10_15_7) AppleWebKit/537.36 (KHTML, like Gecko) Chrome/94.0.4590.2 Safari/537.36 Chrome-Lighthouse"
66.249.84.229 - - [27/Mar/2024:15:09:39 -0400] "GET /wp-content/uploads/2024/02/globo_portal1.png HTTP/1.1" 200 19166 "https://alternos.info/" "Mozilla/5.0 (Macintosh; Intel Mac OS X 10_15_7) AppleWebKit/537.36 (KHTML, like Gecko) Chrome/94.0.4590.2 Safari/537.36 Chrome-Lighthouse"
66.249.84.228 - - [27/Mar/2024:15:09:39 -0400] "GET /wp-content/plugins/elementor/assets/lib/font-awesome/css/regular.min.css?ver=5.15.3 HTTP/1.1" 200 283 "https://alternos.info/" "Mozilla/5.0 (Macintosh; Intel Mac OS X 10_15_7) AppleWebKit/537.36 (KHTML, like Gecko) Chrome/94.0.4590.2 Safari/537.36 Chrome-Lighthouse"
66.249.84.229 - - [27/Mar/2024:15:09:39 -0400] "GET /wp-content/plugins/royal-elementor-addons/assets/css/frontend.min.css?ver=1.3.95 HTTP/1.1" 200 42587 "https://alternos.info/" "Mozilla/5.0 (Macintosh; Intel Mac OS X 10_15_7) AppleWebKit/537.36 (KHTML, like Gecko) Chrome/94.0.4590.2 Safari/537.36 Chrome-Lighthouse"
66.249.84.224 - - [27/Mar/2024:15:09:39 -0400] "GET /wp-includes/js/jquery/jquery-migrate.min.js?ver=3.4.1 HTTP/1.1" 200 4678 "https://alternos.info/" "Mozilla/5.0 (Macintosh; Intel Mac OS X 10_15_7) AppleWebKit/537.36 (KHTML, like Gecko) Chrome/94.0.4590.2 Safari/537.36 Chrome-Lighthouse"
66.249.84.228 - - [27/Mar/2024:15:09:39 -0400] "GET /wp-content/plugins/elementor/assets/lib/font-awesome/css/brands.min.css?ver=5.15.3 HTTP/1.1" 200 284 "https://alternos.info/" "Mozilla/5.0 (Macintosh; Intel Mac OS X 10_15_7) AppleWebKit/537.36 (KHTML, like Gecko) Chrome/94.0.4590.2 Safari/537.36 Chrome-Lighthouse"
66.249.84.228 - - [27/Mar/2024:15:09:39 -0400] "GET /wp-content/plugins/royal-elementor-addons/assets/css/lib/animations/text-animations.min.css?ver=1.3.95 HTTP/1.1" 200 1439 "https://alternos.info/" "Mozilla/5.0 (Macintosh; Intel Mac OS X 10_15_7) AppleWebKit/537.36 (KHTML, like Gecko) Chrome/94.0.4590.2 Safari/537.36 Chrome-Lighthouse"
66.249.84.225 - - [27/Mar/2024:15:09:39 -0400] "GET /wp-content/uploads/elementor/css/post-871.css?ver=1710435519 HTTP/1.1" 200 3313 "https://alternos.info/" "Mozilla/5.0 (Macintosh; Intel Mac OS X 10_15_7) AppleWebKit/537.36 (KHTML, like Gecko) Chrome/94.0.4590.2 Safari/537.36 Chrome-Lighthouse"
66.249.84.225 - - [27/Mar/2024:15:09:39 -0400] "GET /wp-content/plugins/3d-flipbook-dflip-lite/assets/css/dflip.min.css?ver=2.2.32 HTTP/1.1" 200 13623 "https://alternos.info/" "Mozilla/5.0 (Macintosh; Intel Mac OS X 10_15_7) AppleWebKit/537.36 (KHTML, like Gecko) Chrome/94.0.4590.2 Safari/537.36 Chrome-Lighthouse"
66.249.84.225 - - [27/Mar/2024:15:09:39 -0400] "GET /wp-content/plugins/elementor/assets/lib/font-awesome/css/fontawesome.min.css?ver=5.15.3 HTTP/1.1" 200 12164 "https://alternos.info/" "Mozilla/5.0 (Macintosh; Intel Mac OS X 10_15_7) AppleWebKit/537.36 (KHTML, like Gecko) Chrome/94.0.4590.2 Safari/537.36 Chrome-Lighthouse"
66.249.84.225 - - [27/Mar/2024:15:09:39 -0400] "GET /wp-content/themes/royal-elementor-kit/style.css?ver=1.0 HTTP/1.1" 200 3498 "https://alternos.info/" "Mozilla/5.0 (Macintosh; Intel Mac OS X 10_15_7) AppleWebKit/537.36 (KHTML, like Gecko) Chrome/94.0.4590.2 Safari/537.36 Chrome-Lighthouse"
66.249.84.225 - - [27/Mar/2024:15:09:39 -0400] "GET /wp-content/uploads/2024/02/Alternos-Sin-Fondo-e1707434968644.png HTTP/1.1" 200 129231 "https://alternos.info/" "Mozilla/5.0 (Macintosh; Intel Mac OS X 10_15_7) AppleWebKit/537.36 (KHTML, like Gecko) Chrome/94.0.4590.2 Safari/537.36 Chrome-Lighthouse"
66.249.84.229 - - [27/Mar/2024:15:09:39 -0400] "GET /wp-content/uploads/2024/02/globo_portal2-01-1.png HTTP/1.1" 200 18688 "https://alternos.info/" "Mozilla/5.0 (Macintosh; Intel Mac OS X 10_15_7) AppleWebKit/537.36 (KHTML, like Gecko) Chrome/94.0.4590.2 Safari/537.36 Chrome-Lighthouse"
66.249.84.225 - - [27/Mar/2024:15:09:39 -0400] "GET /wp-content/plugins/royal-elementor-addons/assets/css/lib/animations/button-animations.min.css?ver=1.3.95 HTTP/1.1" 200 2510 "https://alternos.info/" "Mozilla/5.0 (Macintosh; Intel Mac OS X 10_15_7) AppleWebKit/537.36 (KHTML, like Gecko) Chrome/94.0.4590.2 Safari/537.36 Chrome-Lighthouse"
66.249.84.225 - - [27/Mar/2024:15:09:39 -0400] "GET /wp-content/uploads/elementor/css/custom-widget-icon-list.min.css?ver=1710435519 HTTP/1.1" 200 841 "https://alternos.info/" "Mozilla/5.0 (Macintosh; Intel Mac OS X 10_15_7) AppleWebKit/537.36 (KHTML, like Gecko) Chrome/94.0.4590.2 Safari/537.36 Chrome-Lighthouse"
66.249.84.224 - - [27/Mar/2024:15:09:39 -0400] "GET /wp-content/plugins/royal-elementor-addons/assets/js/lib/particles/particles.js?ver=3.0.6 HTTP/1.1" 200 8740 "https://alternos.info/" "Mozilla/5.0 (Macintosh; Intel Mac OS X 10_15_7) AppleWebKit/537.36 (KHTML, like Gecko) Chrome/94.0.4590.2 Safari/537.36 Chrome-Lighthouse"
66.249.84.229 - - [27/Mar/2024:15:09:39 -0400] "GET /wp-content/uploads/2024/02/Alternos-Sin-Fondo-e1707434992754.png HTTP/1.1" 200 127339 "https://alternos.info/" "Mozilla/5.0 (Macintosh; Intel Mac OS X 10_15_7) AppleWebKit/537.36 (KHTML, like Gecko) Chrome/94.0.4590.2 Safari/537.36 Chrome-Lighthouse"
66.249.84.229 - - [27/Mar/2024:15:09:39 -0400] "GET /wp-content/plugins/elementor/assets/lib/waypoints/waypoints.min.js?ver=4.0.2 HTTP/1.1" 200 2867 "https://alternos.info/" "Mozilla/5.0 (Macintosh; Intel Mac OS X 10_15_7) AppleWebKit/537.36 (KHTML, like Gecko) Chrome/94.0.4590.2 Safari/537.36 Chrome-Lighthouse"
66.249.84.225 - - [27/Mar/2024:15:09:39 -0400] "GET /wp-content/plugins/royal-elementor-addons/assets/css/lib/animations/wpr-link-animations.min.css?ver=1.3.95 HTTP/1.1" 200 626 "https://alternos.info/" "Mozilla/5.0 (Macintosh; Intel Mac OS X 10_15_7) AppleWebKit/537.36 (KHTML, like Gecko) Chrome/94.0.4590.2 Safari/537.36 Chrome-Lighthouse"
66.249.84.229 - - [27/Mar/2024:15:09:39 -0400] "GET /wp-content/plugins/essential-addons-for-elementor-lite/assets/front-end/css/view/scroll-to-top.min.css?ver=5.9.13 HTTP/1.1" 200 126 "https://alternos.info/" "Mozilla/5.0 (Macintosh; Intel Mac OS X 10_15_7) AppleWebKit/537.36 (KHTML, like Gecko) Chrome/94.0.4590.2 Safari/537.36 Chrome-Lighthouse"
66.249.84.229 - - [27/Mar/2024:15:09:39 -0400] "GET /wp-content/plugins/royal-elementor-addons/assets/js/lib/jarallax/jarallax.min.js?ver=1.12.7 HTTP/1.1" 200 5006 "https://alternos.info/" "Mozilla/5.0 (Macintosh; Intel Mac OS X 10_15_7) AppleWebKit/537.36 (KHTML, like Gecko) Chrome/94.0.4590.2 Safari/537.36 Chrome-Lighthouse"
66.249.84.225 - - [27/Mar/2024:15:09:39 -0400] "GET /wp-content/plugins/royal-elementor-addons/assets/js/lib/isotope/isotope.min.js?ver=3.0.8 HTTP/1.1" 200 15093 "https://alternos.info/" "Mozilla/5.0 (Macintosh; Intel Mac OS X 10_15_7) AppleWebKit/537.36 (KHTML, like Gecko) Chrome/94.0.4590.2 Safari/537.36 Chrome-Lighthouse"
66.249.84.229 - - [27/Mar/2024:15:09:39 -0400] "GET /wp-content/plugins/royal-elementor-addons/assets/js/modal-popups.min.js?ver=1.3.95 HTTP/1.1" 200 1743 "https://alternos.info/" "Mozilla/5.0 (Macintosh; Intel Mac OS X 10_15_7) AppleWebKit/537.36 (KHTML, like Gecko) Chrome/94.0.4590.2 Safari/537.36 Chrome-Lighthouse"
66.249.84.229 - - [27/Mar/2024:15:09:39 -0400] "GET /wp-content/plugins/royal-elementor-addons/assets/js/frontend.min.js?ver=1.3.95 HTTP/1.1" 200 38107 "https://alternos.info/" "Mozilla/5.0 (Macintosh; Intel Mac OS X 10_15_7) AppleWebKit/537.36 (KHTML, like Gecko) Chrome/94.0.4590.2 Safari/537.36 Chrome-Lighthouse"
66.249.84.224 - - [27/Mar/2024:15:09:39 -0400] "GET /wp-content/plugins/elementor/assets/js/frontend-modules.min.js?ver=3.20.3 HTTP/1.1" 200 16462 "https://alternos.info/" "Mozilla/5.0 (Macintosh; Intel Mac OS X 10_15_7) AppleWebKit/537.36 (KHTML, like Gecko) Chrome/94.0.4590.2 Safari/537.36 Chrome-Lighthouse"
66.249.84.228 - - [27/Mar/2024:15:09:39 -0400] "GET /wp-content/plugins/royal-elementor-addons/assets/js/lib/slick/slick.min.js?ver=1.8.1 HTTP/1.1" 200 10053 "https://alternos.info/" "Mozilla/5.0 (Macintosh; Intel Mac OS X 10_15_7) AppleWebKit/537.36 (KHTML, like Gecko) Chrome/94.0.4590.2 Safari/537.36 Chrome-Lighthouse"
66.249.84.229 - - [27/Mar/2024:15:09:39 -0400] "GET /wp-includes/js/jquery/ui/core.min.js?ver=1.13.2 HTTP/1.1" 200 6801 "https://alternos.info/" "Mozilla/5.0 (Macintosh; Intel Mac OS X 10_15_7) AppleWebKit/537.36 (KHTML, like Gecko) Chrome/94.0.4590.2 Safari/537.36 Chrome-Lighthouse"
66.249.84.228 - - [27/Mar/2024:15:09:39 -0400] "GET /wp-content/plugins/3d-flipbook-dflip-lite/assets/js/dflip.min.js?ver=2.2.32 HTTP/1.1" 200 61394 "https://alternos.info/" "Mozilla/5.0 (Macintosh; Intel Mac OS X 10_15_7) AppleWebKit/537.36 (KHTML, like Gecko) Chrome/94.0.4590.2 Safari/537.36 Chrome-Lighthouse"
66.249.84.229 - - [27/Mar/2024:15:09:39 -0400] "GET /wp-content/plugins/essential-addons-for-elementor-lite/assets/front-end/js/view/general.min.js?ver=5.9.13 HTTP/1.1" 200 3493 "https://alternos.info/" "Mozilla/5.0 (Macintosh; Intel Mac OS X 10_15_7) AppleWebKit/537.36 (KHTML, like Gecko) Chrome/94.0.4590.2 Safari/537.36 Chrome-Lighthouse"
66.249.84.229 - - [27/Mar/2024:15:09:39 -0400] "GET /wp-content/plugins/royal-elementor-addons/assets/js/lib/parallax/parallax.min.js?ver=1.0 HTTP/1.1" 200 5022 "https://alternos.info/" "Mozilla/5.0 (Macintosh; Intel Mac OS X 10_15_7) AppleWebKit/537.36 (KHTML, like Gecko) Chrome/94.0.4590.2 Safari/537.36 Chrome-Lighthouse"
66.249.84.224 - - [27/Mar/2024:15:09:39 -0400] "GET /wp-content/plugins/essential-addons-for-elementor-lite/assets/front-end/js/view/scroll-to-top.min.js?ver=5.9.13 HTTP/1.1" 200 608 "https://alternos.info/" "Mozilla/5.0 (Macintosh; Intel Mac OS X 10_15_7) AppleWebKit/537.36 (KHTML, like Gecko) Chrome/94.0.4590.2 Safari/537.36 Chrome-Lighthouse"
66.249.84.229 - - [27/Mar/2024:15:09:39 -0400] "GET /wp-content/plugins/royal-elementor-addons/assets/css/lib/animations/loading-animations.min.css?ver=1.3.95 HTTP/1.1" 200 1626 "https://alternos.info/" "Mozilla/5.0 (Macintosh; Intel Mac OS X 10_15_7) AppleWebKit/537.36 (KHTML, like Gecko) Chrome/94.0.4590.2 Safari/537.36 Chrome-Lighthouse"
66.249.84.229 - - [27/Mar/2024:15:09:39 -0400] "GET /wp-content/plugins/royal-elementor-addons/assets/js/lib/perfect-scrollbar/perfect-scrollbar.min.js?ver=0.4.9 HTTP/1.1" 200 5127 "https://alternos.info/" "Mozilla/5.0 (Macintosh; Intel Mac OS X 10_15_7) AppleWebKit/537.36 (KHTML, like Gecko) Chrome/94.0.4590.2 Safari/537.36 Chrome-Lighthouse"
66.249.84.229 - - [27/Mar/2024:15:09:39 -0400] "GET /wp-content/plugins/elementor/assets/js/webpack.runtime.min.js?ver=3.20.3 HTTP/1.1" 200 2069 "https://alternos.info/" "Mozilla/5.0 (Macintosh; Intel Mac OS X 10_15_7) AppleWebKit/537.36 (KHTML, like Gecko) Chrome/94.0.4590.2 Safari/537.36 Chrome-Lighthouse"
66.249.84.228 - - [27/Mar/2024:15:09:39 -0400] "GET /wp-content/plugins/elementor/assets/lib/font-awesome/webfonts/fa-solid-900.woff2 HTTP/1.1" 200 78196 "https://alternos.info/wp-content/plugins/elementor/assets/lib/font-awesome/css/all.min.css?ver=5.9.13" "Mozilla/5.0 (Macintosh; Intel Mac OS X 10_15_7) AppleWebKit/537.36 (KHTML, like Gecko) Chrome/94.0.4590.2 Safari/537.36 Chrome-Lighthouse"
66.249.84.225 - - [27/Mar/2024:15:09:39 -0400] "GET /wp-content/plugins/elementor/assets/lib/animations/animations.min.css?ver=3.20.3 HTTP/1.1" 200 2442 "https://alternos.info/" "Mozilla/5.0 (Macintosh; Intel Mac OS X 10_15_7) AppleWebKit/537.36 (KHTML, like Gecko) Chrome/94.0.4590.2 Safari/537.36 Chrome-Lighthouse"
66.249.84.229 - - [27/Mar/2024:15:09:39 -0400] "GET /wp-content/plugins/royal-elementor-addons/assets/css/lib/animations/wpr-animations.min.css?ver=1.3.95 HTTP/1.1" 200 3002 "https://alternos.info/" "Mozilla/5.0 (Macintosh; Intel Mac OS X 10_15_7) AppleWebKit/537.36 (KHTML, like Gecko) Chrome/94.0.4590.2 Safari/537.36 Chrome-Lighthouse"
66.249.84.228 - - [27/Mar/2024:15:09:39 -0400] "GET /wp-content/plugins/elementor/assets/lib/font-awesome/webfonts/fa-brands-400.woff2 HTTP/1.1" 200 81612 "https://alternos.info/wp-content/plugins/elementor/assets/lib/font-awesome/css/all.min.css?ver=5.9.13" "Mozilla/5.0 (Macintosh; Intel Mac OS X 10_15_7) AppleWebKit/537.36 (KHTML, like Gecko) Chrome/94.0.4590.2 Safari/537.36 Chrome-Lighthouse"
66.249.84.229 - - [27/Mar/2024:15:09:39 -0400] "GET /wp-content/plugins/elementor/assets/lib/font-awesome/webfonts/fa-regular-400.woff2 HTTP/1.1" 200 13276 "https://alternos.info/wp-content/plugins/elementor/assets/lib/font-awesome/css/all.min.css?ver=5.9.13" "Mozilla/5.0 (Macintosh; Intel Mac OS X 10_15_7) AppleWebKit/537.36 (KHTML, like Gecko) Chrome/94.0.4590.2 Safari/537.36 Chrome-Lighthouse"
66.249.84.229 - - [27/Mar/2024:15:09:39 -0400] "GET /wp-content/plugins/elementor/assets/lib/eicons/fonts/eicons.woff2?5.29.0 HTTP/1.1" 200 96924 "https://alternos.info/wp-content/plugins/elementor/assets/lib/eicons/css/elementor-icons.min.css?ver=5.29.0" "Mozilla/5.0 (Macintosh; Intel Mac OS X 10_15_7) AppleWebKit/537.36 (KHTML, like Gecko) Chrome/94.0.4590.2 Safari/537.36 Chrome-Lighthouse"
66.249.84.224 - - [27/Mar/2024:15:09:39 -0400] "GET /wp-content/uploads/2024/01/cVzt4npWoiE_320x180.jpg HTTP/1.1" 200 15664 "https://alternos.info/" "Mozilla/5.0 (Macintosh; Intel Mac OS X 10_15_7) AppleWebKit/537.36 (KHTML, like Gecko) Chrome/94.0.4590.2 Safari/537.36 Chrome-Lighthouse"
66.249.84.229 - - [27/Mar/2024:15:09:39 -0400] "GET /wp-content/uploads/2024/02/alternostexture3-02.png HTTP/1.1" 200 724255 "https://alternos.info/wp-content/uploads/elementor/css/post-871.css?ver=1710435519" "Mozilla/5.0 (Macintosh; Intel Mac OS X 10_15_7) AppleWebKit/537.36 (KHTML, like Gecko) Chrome/94.0.4590.2 Safari/537.36 Chrome-Lighthouse"
66.249.84.229 - - [27/Mar/2024:15:09:39 -0400] "GET /wp-content/plugins/elementor/assets/js/frontend.min.js?ver=3.20.3 HTTP/1.1" 200 11876 "https://alternos.info/" "Mozilla/5.0 (Macintosh; Intel Mac OS X 10_15_7) AppleWebKit/537.36 (KHTML, like Gecko) Chrome/94.0.4590.2 Safari/537.36 Chrome-Lighthouse"
66.249.84.225 - - [27/Mar/2024:15:09:39 -0400] "GET /wp-content/uploads/2024/01/a1nM-_NBwXs_320x180.jpg HTTP/1.1" 200 19439 "https://alternos.info/" "Mozilla/5.0 (Macintosh; Intel Mac OS X 10_15_7) AppleWebKit/537.36 (KHTML, like Gecko) Chrome/94.0.4590.2 Safari/537.36 Chrome-Lighthouse"
66.249.84.228 - - [27/Mar/2024:15:09:39 -0400] "GET /wp-content/uploads/2024/01/fMwPzbQC0_320x180.jpg HTTP/1.1" 200 20311 "https://alternos.info/" "Mozilla/5.0 (Macintosh; Intel Mac OS X 10_15_7) AppleWebKit/537.36 (KHTML, like Gecko) Chrome/94.0.4590.2 Safari/537.36 Chrome-Lighthouse"
66.249.84.224 - - [27/Mar/2024:15:09:39 -0400] "GET /wp-content/uploads/2024/01/Vt01NvIVD9M_320x180.jpg HTTP/1.1" 200 13223 "https://alternos.info/" "Mozilla/5.0 (Macintosh; Intel Mac OS X 10_15_7) AppleWebKit/537.36 (KHTML, like Gecko) Chrome/94.0.4590.2 Safari/537.36 Chrome-Lighthouse"
66.249.84.228 - - [27/Mar/2024:15:09:39 -0400] "GET /wp-content/uploads/2024/01/0hIt3KxIl78_320x180.jpg HTTP/1.1" 200 13433 "https://alternos.info/" "Mozilla/5.0 (Macintosh; Intel Mac OS X 10_15_7) AppleWebKit/537.36 (KHTML, like Gecko) Chrome/94.0.4590.2 Safari/537.36 Chrome-Lighthouse"
66.249.84.228 - - [27/Mar/2024:15:09:39 -0400] "GET /wp-content/uploads/2024/01/H4l9QiSoCJk_320x180.jpg HTTP/1.1" 200 18218 "https://alternos.info/" "Mozilla/5.0 (Macintosh; Intel Mac OS X 10_15_7) AppleWebKit/537.36 (KHTML, like Gecko) Chrome/94.0.4590.2 Safari/537.36 Chrome-Lighthouse"
64.233.172.70 - - [27/Mar/2024:15:09:39 -0400] "GET / HTTP/1.1" 200 17638 "-" "Mozilla/5.0 (Linux; Android 7.0; Moto G (4)) AppleWebKit/537.36 (KHTML, like Gecko) Chrome/94.0.4590.2 Mobile Safari/537.36 Chrome-Lighthouse"
64.233.172.74 - - [27/Mar/2024:15:09:40 -0400] "GET /wp-content/uploads/elementor/css/global.css?ver=1710415914 HTTP/1.1" 200 1955 "https://alternos.info/" "Mozilla/5.0 (Linux; Android 7.0; Moto G (4)) AppleWebKit/537.36 (KHTML, like Gecko) Chrome/94.0.4590.2 Mobile Safari/537.36 Chrome-Lighthouse"
64.233.172.74 - - [27/Mar/2024:15:09:40 -0400] "GET /wp-content/themes/royal-elementor-kit/style.css?ver=1.0 HTTP/1.1" 200 3498 "https://alternos.info/" "Mozilla/5.0 (Linux; Android 7.0; Moto G (4)) AppleWebKit/537.36 (KHTML, like Gecko) Chrome/94.0.4590.2 Mobile Safari/537.36 Chrome-Lighthouse"
64.233.172.70 - - [27/Mar/2024:15:09:40 -0400] "GET /wp-content/uploads/elementor/css/custom-frontend-lite.min.css?ver=1710415910 HTTP/1.1" 200 13016 "https://alternos.info/" "Mozilla/5.0 (Linux; Android 7.0; Moto G (4)) AppleWebKit/537.36 (KHTML, like Gecko) Chrome/94.0.4590.2 Mobile Safari/537.36 Chrome-Lighthouse"
