64.233.172.74 - - [27/Mar/2024:15:09:40 -0400] "GET /wp-content/uploads/elementor/css/post-871.css?ver=1710435519 HTTP/1.1" 200 3313 "https://alternos.info/" "Mozilla/5.0 (Linux; Android 7.0; Moto G (4)) AppleWebKit/537.36 (KHTML, like Gecko) Chrome/94.0.4590.2 Mobile Safari/537.36 Chrome-Lighthouse"
64.233.172.69 - - [27/Mar/2024:15:09:40 -0400] "GET /wp-content/uploads/2024/02/Alternos-Sin-Fondo-e1707434992754-768x687.png HTTP/1.1" 200 51433 "https://alternos.info/" "Mozilla/5.0 (Linux; Android 7.0; Moto G (4)) AppleWebKit/537.36 (KHTML, like Gecko) Chrome/94.0.4590.2 Mobile Safari/537.36 Chrome-Lighthouse"
64.233.172.74 - - [27/Mar/2024:15:09:40 -0400] "GET /wp-content/uploads/elementor/css/post-6.css?ver=1710415910 HTTP/1.1" 200 307 "https://alternos.info/" "Mozilla/5.0 (Linux; Android 7.0; Moto G (4)) AppleWebKit/537.36 (KHTML, like Gecko) Chrome/94.0.4590.2 Mobile Safari/537.36 Chrome-Lighthouse"
64.233.172.69 - - [27/Mar/2024:15:09:40 -0400] "GET /wp-content/plugins/essential-addons-for-elementor-lite/assets/front-end/css/view/general.min.css?ver=5.9.13 HTTP/1.1" 200 818 "https://alternos.info/" "Mozilla/5.0 (Linux; Android 7.0; Moto G (4)) AppleWebKit/537.36 (KHTML, like Gecko) Chrome/94.0.4590.2 Mobile Safari/537.36 Chrome-Lighthouse"
64.233.172.74 - - [27/Mar/2024:15:09:40 -0400] "GET /wp-content/plugins/royal-elementor-addons/assets/css/frontend.min.css?ver=1.3.95 HTTP/1.1" 200 42587 "https://alternos.info/" "Mozilla/5.0 (Linux; Android 7.0; Moto G (4)) AppleWebKit/537.36 (KHTML, like Gecko) Chrome/94.0.4590.2 Mobile Safari/537.36 Chrome-Lighthouse"
64.233.172.73 - - [27/Mar/2024:15:09:40 -0400] "GET /wp-includes/js/jquery/jquery.min.js?ver=3.7.1 HTTP/1.1" 200 29744 "https://alternos.info/" "Mozilla/5.0 (Linux; Android 7.0; Moto G (4)) AppleWebKit/537.36 (KHTML, like Gecko) Chrome/94.0.4590.2 Mobile Safari/537.36 Chrome-Lighthouse"
64.233.172.74 - - [27/Mar/2024:15:09:40 -0400] "GET /wp-content/plugins/3d-flipbook-dflip-lite/assets/css/dflip.min.css?ver=2.2.32 HTTP/1.1" 200 13623 "https://alternos.info/" "Mozilla/5.0 (Linux; Android 7.0; Moto G (4)) AppleWebKit/537.36 (KHTML, like Gecko) Chrome/94.0.4590.2 Mobile Safari/537.36 Chrome-Lighthouse"
64.233.172.69 - - [27/Mar/2024:15:09:40 -0400] "GET /wp-content/plugins/elementor/assets/lib/font-awesome/css/fontawesome.min.css?ver=5.15.3 HTTP/1.1" 200 12164 "https://alternos.info/" "Mozilla/5.0 (Linux; Android 7.0; Moto G (4)) AppleWebKit/537.36 (KHTML, like Gecko) Chrome/94.0.4590.2 Mobile Safari/537.36 Chrome-Lighthouse"
64.233.172.70 - - [27/Mar/2024:15:09:40 -0400] "GET /wp-content/plugins/elementor/assets/lib/eicons/css/elementor-icons.min.css?ver=5.29.0 HTTP/1.1" 200 3724 "https://alternos.info/" "Mozilla/5.0 (Linux; Android 7.0; Moto G (4)) AppleWebKit/537.36 (KHTML, like Gecko) Chrome/94.0.4590.2 Mobile Safari/537.36 Chrome-Lighthouse"
64.233.172.68 - - [27/Mar/2024:15:09:40 -0400] "GET /wp-includes/js/jquery/jquery-migrate.min.js?ver=3.4.1 HTTP/1.1" 200 4678 "https://alternos.info/" "Mozilla/5.0 (Linux; Android 7.0; Moto G (4)) AppleWebKit/537.36 (KHTML, like Gecko) Chrome/94.0.4590.2 Mobile Safari/537.36 Chrome-Lighthouse"
64.233.172.68 - - [27/Mar/2024:15:09:40 -0400] "GET /wp-content/plugins/elementor/assets/lib/font-awesome/css/all.min.css?ver=5.9.13 HTTP/1.1" 200 12380 "https://alternos.info/" "Mozilla/5.0 (Linux; Android 7.0; Moto G (4)) AppleWebKit/537.36 (KHTML, like Gecko) Chrome/94.0.4590.2 Mobile Safari/537.36 Chrome-Lighthouse"
64.233.172.68 - - [27/Mar/2024:15:09:40 -0400] "GET /wp-content/plugins/elementor/assets/lib/font-awesome/css/solid.min.css?ver=5.15.3 HTTP/1.1" 200 286 "https://alternos.info/" "Mozilla/5.0 (Linux; Android 7.0; Moto G (4)) AppleWebKit/537.36 (KHTML, like Gecko) Chrome/94.0.4590.2 Mobile Safari/537.36 Chrome-Lighthouse"
64.233.172.68 - - [27/Mar/2024:15:09:40 -0400] "GET /wp-content/plugins/elementor/assets/lib/swiper/v8/css/swiper.min.css?ver=8.4.5 HTTP/1.1" 200 4248 "https://alternos.info/" "Mozilla/5.0 (Linux; Android 7.0; Moto G (4)) AppleWebKit/537.36 (KHTML, like Gecko) Chrome/94.0.4590.2 Mobile Safari/537.36 Chrome-Lighthouse"
64.233.172.70 - - [27/Mar/2024:15:09:40 -0400] "GET /wp-content/uploads/2024/02/globo_portal1.png HTTP/1.1" 200 19166 "https://alternos.info/" "Mozilla/5.0 (Linux; Android 7.0; Moto G (4)) AppleWebKit/537.36 (KHTML, like Gecko) Chrome/94.0.4590.2 Mobile Safari/537.36 Chrome-Lighthouse"
64.233.172.73 - - [27/Mar/2024:15:09:40 -0400] "GET /wp-content/plugins/elementor/assets/lib/font-awesome/css/brands.min.css?ver=5.15.3 HTTP/1.1" 200 284 "https://alternos.info/" "Mozilla/5.0 (Linux; Android 7.0; Moto G (4)) AppleWebKit/537.36 (KHTML, like Gecko) Chrome/94.0.4590.2 Mobile Safari/537.36 Chrome-Lighthouse"
66.249.84.228 - - [27/Mar/2024:15:09:40 -0400] "GET /wp-content/plugins/elementor/assets/lib/share-link/share-link.min.js?ver=3.20.3 HTTP/1.1" 200 1072 "https://alternos.info/" "Mozilla/5.0 (Macintosh; Intel Mac OS X 10_15_7) AppleWebKit/537.36 (KHTML, like Gecko) Chrome/94.0.4590.2 Safari/537.36 Chrome-Lighthouse"
66.249.84.229 - - [27/Mar/2024:15:09:40 -0400] "GET /wp-content/plugins/elementor/assets/js/lightbox.94b920846d1e37cafb78.bundle.min.js HTTP/1.1" 200 9418 "https://alternos.info/" "Mozilla/5.0 (Macintosh; Intel Mac OS X 10_15_7) AppleWebKit/537.36 (KHTML, like Gecko) Chrome/94.0.4590.2 Safari/537.36 Chrome-Lighthouse"
66.249.84.228 - - [27/Mar/2024:15:09:40 -0400] "GET /wp-content/plugins/elementor/assets/lib/dialog/dialog.min.js?ver=4.9.0 HTTP/1.1" 200 3294 "https://alternos.info/" "Mozilla/5.0 (Macintosh; Intel Mac OS X 10_15_7) AppleWebKit/537.36 (KHTML, like Gecko) Chrome/94.0.4590.2 Safari/537.36 Chrome-Lighthouse"
64.233.172.73 - - [27/Mar/2024:15:09:40 -0400] "GET /wp-content/uploads/2024/02/globo_portal2-01-1.png HTTP/1.1" 200 18688 "https://alternos.info/" "Mozilla/5.0 (Linux; Android 7.0; Moto G (4)) AppleWebKit/537.36 (KHTML, like Gecko) Chrome/94.0.4590.2 Mobile Safari/537.36 Chrome-Lighthouse"
66.249.84.225 - - [27/Mar/2024:15:09:40 -0400] "GET /wp-content/plugins/elementor/assets/js/video.fea4f8dfdf17262f23e8.bundle.min.js HTTP/1.1" 200 1238 "https://alternos.info/" "Mozilla/5.0 (Macintosh; Intel Mac OS X 10_15_7) AppleWebKit/537.36 (KHTML, like Gecko) Chrome/94.0.4590.2 Safari/537.36 Chrome-Lighthouse"
64.233.172.72 - - [27/Mar/2024:15:09:40 -0400] "GET /wp-content/uploads/elementor/css/post-315.css?ver=1710415914 HTTP/1.1" 200 834 "https://alternos.info/" "Mozilla/5.0 (Linux; Android 7.0; Moto G (4)) AppleWebKit/537.36 (KHTML, like Gecko) Chrome/94.0.4590.2 Mobile Safari/537.36 Chrome-Lighthouse"
64.233.172.72 - - [27/Mar/2024:15:09:40 -0400] "GET /wp-content/uploads/elementor/css/post-1287.css?ver=1710415914 HTTP/1.1" 200 1401 "https://alternos.info/" "Mozilla/5.0 (Linux; Android 7.0; Moto G (4)) AppleWebKit/537.36 (KHTML, like Gecko) Chrome/94.0.4590.2 Mobile Safari/537.36 Chrome-Lighthouse"
64.233.172.72 - - [27/Mar/2024:15:09:40 -0400] "GET /wp-content/plugins/royal-elementor-addons/assets/css/lib/animations/text-animations.min.css?ver=1.3.95 HTTP/1.1" 200 1439 "https://alternos.info/" "Mozilla/5.0 (Linux; Android 7.0; Moto G (4)) AppleWebKit/537.36 (KHTML, like Gecko) Chrome/94.0.4590.2 Mobile Safari/537.36 Chrome-Lighthouse"
66.249.84.224 - - [27/Mar/2024:15:09:40 -0400] "GET /wp-content/plugins/elementor/assets/js/text-editor.2c35aafbe5bf0e127950.bundle.min.js HTTP/1.1" 200 601 "https://alternos.info/" "Mozilla/5.0 (Macintosh; Intel Mac OS X 10_15_7) AppleWebKit/537.36 (KHTML, like Gecko) Chrome/94.0.4590.2 Safari/537.36 Chrome-Lighthouse"
64.233.172.72 - - [27/Mar/2024:15:09:40 -0400] "GET /wp-content/uploads/2024/02/Alternos-Sin-Fondo-e1707434992754.png HTTP/1.1" 200 127339 "https://alternos.info/" "Mozilla/5.0 (Linux; Android 7.0; Moto G (4)) AppleWebKit/537.36 (KHTML, like Gecko) Chrome/94.0.4590.2 Mobile Safari/537.36 Chrome-Lighthouse"
64.233.172.74 - - [27/Mar/2024:15:09:40 -0400] "GET /wp-content/plugins/essential-addons-for-elementor-lite/assets/front-end/css/view/scroll-to-top.min.css?ver=5.9.13 HTTP/1.1" 200 126 "https://alternos.info/" "Mozilla/5.0 (Linux; Android 7.0; Moto G (4)) AppleWebKit/537.36 (KHTML, like Gecko) Chrome/94.0.4590.2 Mobile Safari/537.36 Chrome-Lighthouse"
64.233.172.70 - - [27/Mar/2024:15:09:40 -0400] "GET /wp-content/plugins/royal-elementor-addons/assets/css/lib/animations/button-animations.min.css?ver=1.3.95 HTTP/1.1" 200 2510 "https://alternos.info/" "Mozilla/5.0 (Linux; Android 7.0; Moto G (4)) AppleWebKit/537.36 (KHTML, like Gecko) Chrome/94.0.4590.2 Mobile Safari/537.36 Chrome-Lighthouse"
64.233.172.73 - - [27/Mar/2024:15:09:40 -0400] "GET /wp-content/uploads/2024/01/a1nM-_NBwXs_320x180.jpg HTTP/1.1" 200 19439 "https://alternos.info/" "Mozilla/5.0 (Linux; Android 7.0; Moto G (4)) AppleWebKit/537.36 (KHTML, like Gecko) Chrome/94.0.4590.2 Mobile Safari/537.36 Chrome-Lighthouse"
64.233.172.73 - - [27/Mar/2024:15:09:40 -0400] "GET /wp-content/plugins/royal-elementor-addons/assets/css/lib/animations/wpr-link-animations.min.css?ver=1.3.95 HTTP/1.1" 200 626 "https://alternos.info/" "Mozilla/5.0 (Linux; Android 7.0; Moto G (4)) AppleWebKit/537.36 (KHTML, like Gecko) Chrome/94.0.4590.2 Mobile Safari/537.36 Chrome-Lighthouse"
64.233.172.73 - - [27/Mar/2024:15:09:40 -0400] "GET /wp-content/plugins/royal-elementor-addons/assets/js/lib/jarallax/jarallax.min.js?ver=1.12.7 HTTP/1.1" 200 5006 "https://alternos.info/" "Mozilla/5.0 (Linux; Android 7.0; Moto G (4)) AppleWebKit/537.36 (KHTML, like Gecko) Chrome/94.0.4590.2 Mobile Safari/537.36 Chrome-Lighthouse"
64.233.172.73 - - [27/Mar/2024:15:09:40 -0400] "GET /wp-content/plugins/royal-elementor-addons/assets/js/lib/isotope/isotope.min.js?ver=3.0.8 HTTP/1.1" 200 15093 "https://alternos.info/" "Mozilla/5.0 (Linux; Android 7.0; Moto G (4)) AppleWebKit/537.36 (KHTML, like Gecko) Chrome/94.0.4590.2 Mobile Safari/537.36 Chrome-Lighthouse"
64.233.172.74 - - [27/Mar/2024:15:09:40 -0400] "GET /wp-content/plugins/royal-elementor-addons/assets/js/lib/particles/particles.js?ver=3.0.6 HTTP/1.1" 200 8740 "https://alternos.info/" "Mozilla/5.0 (Linux; Android 7.0; Moto G (4)) AppleWebKit/537.36 (KHTML, like Gecko) Chrome/94.0.4590.2 Mobile Safari/537.36 Chrome-Lighthouse"
64.233.172.74 - - [27/Mar/2024:15:09:40 -0400] "GET /wp-content/plugins/elementor/assets/lib/animations/animations.min.css?ver=3.20.3 HTTP/1.1" 200 2442 "https://alternos.info/" "Mozilla/5.0 (Linux; Android 7.0; Moto G (4)) AppleWebKit/537.36 (KHTML, like Gecko) Chrome/94.0.4590.2 Mobile Safari/537.36 Chrome-Lighthouse"
64.233.172.74 - - [27/Mar/2024:15:09:40 -0400] "GET /wp-content/plugins/royal-elementor-addons/assets/css/lib/animations/wpr-animations.min.css?ver=1.3.95 HTTP/1.1" 200 3002 "https://alternos.info/" "Mozilla/5.0 (Linux; Android 7.0; Moto G (4)) AppleWebKit/537.36 (KHTML, like Gecko) Chrome/94.0.4590.2 Mobile Safari/537.36 Chrome-Lighthouse"
64.233.172.70 - - [27/Mar/2024:15:09:40 -0400] "GET /wp-content/plugins/royal-elementor-addons/assets/js/frontend.min.js?ver=1.3.95 HTTP/1.1" 200 38107 "https://alternos.info/" "Mozilla/5.0 (Linux; Android 7.0; Moto G (4)) AppleWebKit/537.36 (KHTML, like Gecko) Chrome/94.0.4590.2 Mobile Safari/537.36 Chrome-Lighthouse"
64.233.172.69 - - [27/Mar/2024:15:09:40 -0400] "GET /wp-content/plugins/elementor/assets/js/frontend.min.js?ver=3.20.3 HTTP/1.1" 200 11876 "https://alternos.info/" "Mozilla/5.0 (Linux; Android 7.0; Moto G (4)) AppleWebKit/537.36 (KHTML, like Gecko) Chrome/94.0.4590.2 Mobile Safari/537.36 Chrome-Lighthouse"
64.233.172.68 - - [27/Mar/2024:15:09:40 -0400] "GET /wp-content/plugins/3d-flipbook-dflip-lite/assets/js/dflip.min.js?ver=2.2.32 HTTP/1.1" 200 61394 "https://alternos.info/" "Mozilla/5.0 (Linux; Android 7.0; Moto G (4)) AppleWebKit/537.36 (KHTML, like Gecko) Chrome/94.0.4590.2 Mobile Safari/537.36 Chrome-Lighthouse"
64.233.172.74 - - [27/Mar/2024:15:09:40 -0400] "GET /wp-content/plugins/essential-addons-for-elementor-lite/assets/front-end/js/view/scroll-to-top.min.js?ver=5.9.13 HTTP/1.1" 200 608 "https://alternos.info/" "Mozilla/5.0 (Linux; Android 7.0; Moto G (4)) AppleWebKit/537.36 (KHTML, like Gecko) Chrome/94.0.4590.2 Mobile Safari/537.36 Chrome-Lighthouse"
64.233.172.73 - - [27/Mar/2024:15:09:40 -0400] "GET /wp-content/plugins/essential-addons-for-elementor-lite/assets/front-end/js/view/general.min.js?ver=5.9.13 HTTP/1.1" 200 3493 "https://alternos.info/" "Mozilla/5.0 (Linux; Android 7.0; Moto G (4)) AppleWebKit/537.36 (KHTML, like Gecko) Chrome/94.0.4590.2 Mobile Safari/537.36 Chrome-Lighthouse"
64.233.172.69 - - [27/Mar/2024:15:09:40 -0400] "GET /wp-includes/js/jquery/ui/core.min.js?ver=1.13.2 HTTP/1.1" 200 6801 "https://alternos.info/" "Mozilla/5.0 (Linux; Android 7.0; Moto G (4)) AppleWebKit/537.36 (KHTML, like Gecko) Chrome/94.0.4590.2 Mobile Safari/537.36 Chrome-Lighthouse"
64.233.172.74 - - [27/Mar/2024:15:09:40 -0400] "GET /wp-content/plugins/royal-elementor-addons/assets/js/modal-popups.min.js?ver=1.3.95 HTTP/1.1" 200 1743 "https://alternos.info/" "Mozilla/5.0 (Linux; Android 7.0; Moto G (4)) AppleWebKit/537.36 (KHTML, like Gecko) Chrome/94.0.4590.2 Mobile Safari/537.36 Chrome-Lighthouse"
64.233.172.73 - - [27/Mar/2024:15:09:40 -0400] "GET /wp-content/plugins/royal-elementor-addons/assets/js/lib/parallax/parallax.min.js?ver=1.0 HTTP/1.1" 200 5022 "https://alternos.info/" "Mozilla/5.0 (Linux; Android 7.0; Moto G (4)) AppleWebKit/537.36 (KHTML, like Gecko) Chrome/94.0.4590.2 Mobile Safari/537.36 Chrome-Lighthouse"
64.233.172.73 - - [27/Mar/2024:15:09:40 -0400] "GET /wp-content/plugins/elementor/assets/js/frontend-modules.min.js?ver=3.20.3 HTTP/1.1" 200 16462 "https://alternos.info/" "Mozilla/5.0 (Linux; Android 7.0; Moto G (4)) AppleWebKit/537.36 (KHTML, like Gecko) Chrome/94.0.4590.2 Mobile Safari/537.36 Chrome-Lighthouse"
64.233.172.68 - - [27/Mar/2024:15:09:40 -0400] "GET /wp-content/plugins/royal-elementor-addons/assets/js/lib/perfect-scrollbar/perfect-scrollbar.min.js?ver=0.4.9 HTTP/1.1" 200 5127 "https://alternos.info/" "Mozilla/5.0 (Linux; Android 7.0; Moto G (4)) AppleWebKit/537.36 (KHTML, like Gecko) Chrome/94.0.4590.2 Mobile Safari/537.36 Chrome-Lighthouse"
64.233.172.74 - - [27/Mar/2024:15:09:40 -0400] "GET /wp-content/plugins/elementor/assets/js/webpack.runtime.min.js?ver=3.20.3 HTTP/1.1" 200 2069 "https://alternos.info/" "Mozilla/5.0 (Linux; Android 7.0; Moto G (4)) AppleWebKit/537.36 (KHTML, like Gecko) Chrome/94.0.4590.2 Mobile Safari/537.36 Chrome-Lighthouse"
64.233.172.70 - - [27/Mar/2024:15:09:40 -0400] "GET /wp-content/plugins/elementor/assets/lib/font-awesome/webfonts/fa-brands-400.woff2 HTTP/1.1" 200 81612 "https://alternos.info/wp-content/plugins/elementor/assets/lib/font-awesome/css/all.min.css?ver=5.9.13" "Mozilla/5.0 (Linux; Android 7.0; Moto G (4)) AppleWebKit/537.36 (KHTML, like Gecko) Chrome/94.0.4590.2 Mobile Safari/537.36 Chrome-Lighthouse"
64.233.172.73 - - [27/Mar/2024:15:09:40 -0400] "GET /wp-content/plugins/elementor/assets/lib/font-awesome/webfonts/fa-regular-400.woff2 HTTP/1.1" 200 13276 "https://alternos.info/wp-content/plugins/elementor/assets/lib/font-awesome/css/all.min.css?ver=5.9.13" "Mozilla/5.0 (Linux; Android 7.0; Moto G (4)) AppleWebKit/537.36 (KHTML, like Gecko) Chrome/94.0.4590.2 Mobile Safari/537.36 Chrome-Lighthouse"
64.233.172.74 - - [27/Mar/2024:15:09:40 -0400] "GET /wp-content/plugins/elementor/assets/lib/eicons/fonts/eicons.woff2?5.29.0 HTTP/1.1" 200 96924 "https://alternos.info/wp-content/plugins/elementor/assets/lib/eicons/css/elementor-icons.min.css?ver=5.29.0" "Mozilla/5.0 (Linux; Android 7.0; Moto G (4)) AppleWebKit/537.36 (KHTML, like Gecko) Chrome/94.0.4590.2 Mobile Safari/537.36 Chrome-Lighthouse"
64.233.172.68 - - [27/Mar/2024:15:09:40 -0400] "GET /wp-content/uploads/2024/02/alternostexture3-02.png HTTP/1.1" 200 724255 "https://alternos.info/wp-content/uploads/elementor/css/post-871.css?ver=1710435519" "Mozilla/5.0 (Linux; Android 7.0; Moto G (4)) AppleWebKit/537.36 (KHTML, like Gecko) Chrome/94.0.4590.2 Mobile Safari/537.36 Chrome-Lighthouse"
64.233.172.73 - - [27/Mar/2024:15:09:40 -0400] "GET /wp-content/uploads/2024/01/cVzt4npWoiE_320x180.jpg HTTP/1.1" 200 15664 "https://alternos.info/" "Mozilla/5.0 (Linux; Android 7.0; Moto G (4)) AppleWebKit/537.36 (KHTML, like Gecko) Chrome/94.0.4590.2 Mobile Safari/537.36 Chrome-Lighthouse"
64.233.172.74 - - [27/Mar/2024:15:09:40 -0400] "GET /wp-content/uploads/2024/01/Vt01NvIVD9M_320x180.jpg HTTP/1.1" 200 13223 "https://alternos.info/" "Mozilla/5.0 (Linux; Android 7.0; Moto G (4)) AppleWebKit/537.36 (KHTML, like Gecko) Chrome/94.0.4590.2 Mobile Safari/537.36 Chrome-Lighthouse"
64.233.172.72 - - [27/Mar/2024:15:09:40 -0400] "GET /wp-content/uploads/elementor/css/custom-widget-icon-list.min.css?ver=1710435519 HTTP/1.1" 200 841 "https://alternos.info/" "Mozilla/5.0 (Linux; Android 7.0; Moto G (4)) AppleWebKit/537.36 (KHTML, like Gecko) Chrome/94.0.4590.2 Mobile Safari/537.36 Chrome-Lighthouse"
64.233.172.70 - - [27/Mar/2024:15:09:40 -0400] "GET /wp-content/plugins/royal-elementor-addons/assets/css/lib/animations/loading-animations.min.css?ver=1.3.95 HTTP/1.1" 200 1626 "https://alternos.info/" "Mozilla/5.0 (Linux; Android 7.0; Moto G (4)) AppleWebKit/537.36 (KHTML, like Gecko) Chrome/94.0.4590.2 Mobile Safari/537.36 Chrome-Lighthouse"
64.233.172.72 - - [27/Mar/2024:15:09:40 -0400] "GET /wp-content/uploads/2024/01/fMwPzbQC0_320x180.jpg HTTP/1.1" 200 20311 "https://alternos.info/" "Mozilla/5.0 (Linux; Android 7.0; Moto G (4)) AppleWebKit/537.36 (KHTML, like Gecko) Chrome/94.0.4590.2 Mobile Safari/537.36 Chrome-Lighthouse"
64.233.172.74 - - [27/Mar/2024:15:09:40 -0400] "GET /wp-content/uploads/2024/01/H4l9QiSoCJk_320x180.jpg HTTP/1.1" 200 18218 "https://alternos.info/" "Mozilla/5.0 (Linux; Android 7.0; Moto G (4)) AppleWebKit/537.36 (KHTML, like Gecko) Chrome/94.0.4590.2 Mobile Safari/537.36 Chrome-Lighthouse"
64.233.172.72 - - [27/Mar/2024:15:09:40 -0400] "GET /wp-content/uploads/2024/01/0hIt3KxIl78_320x180.jpg HTTP/1.1" 200 13433 "https://alternos.info/" "Mozilla/5.0 (Linux; Android 7.0; Moto G (4)) AppleWebKit/537.36 (KHTML, like Gecko) Chrome/94.0.4590.2 Mobile Safari/537.36 Chrome-Lighthouse"
64.233.172.69 - - [27/Mar/2024:15:09:40 -0400] "GET /wp-content/plugins/royal-elementor-addons/assets/js/lib/slick/slick.min.js?ver=1.8.1 HTTP/1.1" 200 10053 "https://alternos.info/" "Mozilla/5.0 (Linux; Android 7.0; Moto G (4)) AppleWebKit/537.36 (KHTML, like Gecko) Chrome/94.0.4590.2 Mobile Safari/537.36 Chrome-Lighthouse"
64.233.172.69 - - [27/Mar/2024:15:09:40 -0400] "GET /wp-content/plugins/elementor/assets/lib/waypoints/waypoints.min.js?ver=4.0.2 HTTP/1.1" 200 2867 "https://alternos.info/" "Mozilla/5.0 (Linux; Android 7.0; Moto G (4)) AppleWebKit/537.36 (KHTML, like Gecko) Chrome/94.0.4590.2 Mobile Safari/537.36 Chrome-Lighthouse"
64.233.172.72 - - [27/Mar/2024:15:09:40 -0400] "GET /wp-content/plugins/elementor/assets/lib/font-awesome/webfonts/fa-solid-900.woff2 HTTP/1.1" 200 78196 "https://alternos.info/wp-content/plugins/elementor/assets/lib/font-awesome/css/all.min.css?ver=5.9.13" "Mozilla/5.0 (Linux; Android 7.0; Moto G (4)) AppleWebKit/537.36 (KHTML, like Gecko) Chrome/94.0.4590.2 Mobile Safari/537.36 Chrome-Lighthouse"
64.233.172.68 - - [27/Mar/2024:15:09:41 -0400] "GET /wp-content/plugins/elementor/assets/lib/dialog/dialog.min.js?ver=4.9.0 HTTP/1.1" 200 3294 "https://alternos.info/" "Mozilla/5.0 (Linux; Android 7.0; Moto G (4)) AppleWebKit/537.36 (KHTML, like Gecko) Chrome/94.0.4590.2 Mobile Safari/537.36 Chrome-Lighthouse"
64.233.172.73 - - [27/Mar/2024:15:09:41 -0400] "GET /wp-content/plugins/elementor/assets/lib/share-link/share-link.min.js?ver=3.20.3 HTTP/1.1" 200 1072 "https://alternos.info/" "Mozilla/5.0 (Linux; Android 7.0; Moto G (4)) AppleWebKit/537.36 (KHTML, like Gecko) Chrome/94.0.4590.2 Mobile Safari/537.36 Chrome-Lighthouse"
64.233.172.74 - - [27/Mar/2024:15:09:41 -0400] "GET /wp-content/plugins/elementor/assets/js/lightbox.94b920846d1e37cafb78.bundle.min.js HTTP/1.1" 200 9418 "https://alternos.info/" "Mozilla/5.0 (Linux; Android 7.0; Moto G (4)) AppleWebKit/537.36 (KHTML, like Gecko) Chrome/94.0.4590.2 Mobile Safari/537.36 Chrome-Lighthouse"
64.233.172.68 - - [27/Mar/2024:15:09:41 -0400] "GET /wp-content/plugins/elementor/assets/js/video.fea4f8dfdf17262f23e8.bundle.min.js HTTP/1.1" 200 1238 "https://alternos.info/" "Mozilla/5.0 (Linux; Android 7.0; Moto G (4)) AppleWebKit/537.36 (KHTML, like Gecko) Chrome/94.0.4590.2 Mobile Safari/537.36 Chrome-Lighthouse"
64.233.172.68 - - [27/Mar/2024:15:09:41 -0400] "GET /wp-content/plugins/elementor/assets/js/text-editor.2c35aafbe5bf0e127950.bundle.min.js HTTP/1.1" 200 601 "https://alternos.info/" "Mozilla/5.0 (Linux; Android 7.0; Moto G (4)) AppleWebKit/537.36 (KHTML, like Gecko) Chrome/94.0.4590.2 Mobile Safari/537.36 Chrome-Lighthouse"
66.249.84.228 - - [27/Mar/2024:15:09:44 -0400] "GET / HTTP/1.1" 200 17638 "-" "Mozilla/5.0 (Macintosh; Intel Mac OS X 10_15_7) AppleWebKit/537.36 (KHTML, like Gecko) Chrome/94.0.4590.2 Safari/537.36 Chrome-Lighthouse"
66.249.84.229 - - [27/Mar/2024:15:09:47 -0400] "GET /wp-content/uploads/2023/11/unnamed-3-e1700057393254.png HTTP/1.1" 200 675775 "https://alternos.info/" "Mozilla/5.0 (Macintosh; Intel Mac OS X 10_15_7) AppleWebKit/537.36 (KHTML, like Gecko) Chrome/94.0.4590.2 Safari/537.36 Chrome-Lighthouse"
64.233.172.69 - - [27/Mar/2024:15:09:49 -0400] "GET / HTTP/1.1" 200 17638 "-" "Mozilla/5.0 (Linux; Android 7.0; Moto G (4)) AppleWebKit/537.36 (KHTML, like Gecko) Chrome/94.0.4590.2 Mobile Safari/537.36 Chrome-Lighthouse"
64.233.172.73 - - [27/Mar/2024:15:09:53 -0400] "GET /wp-content/uploads/2023/11/unnamed-3-e1700057393254.png HTTP/1.1" 200 675775 "https://alternos.info/" "Mozilla/5.0 (Linux; Android 7.0; Moto G (4)) AppleWebKit/537.36 (KHTML, like Gecko) Chrome/94.0.4590.2 Mobile Safari/537.36 Chrome-Lighthouse"
66.249.84.224 - - [27/Mar/2024:15:09:54 -0400] "GET /robots.txt HTTP/1.1" 200 108 "http://ghost-rider/" "Mozilla/5.0 (Macintosh; Intel Mac OS X 10_15_7) AppleWebKit/537.36 (KHTML, like Gecko) Chrome/94.0.4590.2 Safari/537.36 Chrome-Lighthouse"
66.249.84.229 - - [27/Mar/2024:15:09:57 -0400] "GET /wp-content/uploads/2024/02/Alternos-Sin-Fondo-e1707434992754-1024x916.png HTTP/1.1" 200 71893 "https://alternos.info/" "Mozilla/5.0 (Macintosh; Intel Mac OS X 10_15_7) AppleWebKit/537.36 (KHTML, like Gecko) Chrome/94.0.4590.2 Safari/537.36 Chrome-Lighthouse"
64.233.172.68 - - [27/Mar/2024:15:10:04 -0400] "GET /robots.txt HTTP/1.1" 200 108 "http://ghost-rider/" "Mozilla/5.0 (Linux; Android 7.0; Moto G (4)) AppleWebKit/537.36 (KHTML, like Gecko) Chrome/94.0.4590.2 Mobile Safari/537.36 Chrome-Lighthouse"
64.233.172.72 - - [27/Mar/2024:15:10:06 -0400] "GET /wp-content/uploads/2024/02/Alternos-Sin-Fondo-e1707434992754-768x687.png HTTP/1.1" 200 51433 "https://alternos.info/" "Mozilla/5.0 (Linux; Android 7.0; Moto G (4)) AppleWebKit/537.36 (KHTML, like Gecko) Chrome/94.0.4590.2 Mobile Safari/537.36 Chrome-Lighthouse"
198.54.114.106 - - [27/Mar/2024:15:17:46 -0400] "POST /wp-cron.php?doing_wp_cron=1711567065.7777678966522216796875 HTTP/1.1" 200 0 "-" "WordPress/6.4.3; https://alternos.info"
178.236.246.60 - - [27/Mar/2024:15:17:43 -0400] "POST /wp-login.php HTTP/1.1" 200 3401 "-" "Mozilla/5.0 (Windows NT 10.0; Win64; x64) AppleWebKit/537.36 (KHTML, like Gecko) Chrome/64.0.3282.167 Safari/537.36"
198.54.114.106 - - [27/Mar/2024:15:17:46 -0400] "POST /wp-admin/admin-ajax.php?action=async_litespeed&nonce=0aff76a529&litespeed_type=imgoptm HTTP/1.1" 200 5 "-" "WordPress/6.4.3; https://alternos.info"
198.54.114.106 - - [27/Mar/2024:15:18:53 -0400] "POST /wp-cron.php?doing_wp_cron=1711567133.5761399269104003906250 HTTP/1.1" 200 0 "-" "WordPress/6.4.3; https://alternos.info"
51.91.151.60 - - [27/Mar/2024:15:18:53 -0400] "POST /wp-login.php HTTP/1.1" 200 3400 "-" "Mozilla/5.0 (Windows NT 6.1; Win64; x64) AppleWebKit/537.36 (KHTML, like Gecko) Chrome/80.0.3987.163 Safari/537.36"
198.54.114.106 - - [27/Mar/2024:15:18:54 -0400] "POST /wp-admin/admin-ajax.php?action=async_litespeed&nonce=0aff76a529&litespeed_type=imgoptm HTTP/1.1" 200 5 "-" "WordPress/6.4.3; https://alternos.info"
198.54.114.106 - - [27/Mar/2024:15:27:16 -0400] "POST /wp-admin/admin-ajax.php?action=async_litespeed&nonce=0aff76a529&litespeed_type=imgoptm HTTP/1.1" 200 5 "-" "WordPress/6.4.3; https://alternos.info"
123.249.90.104 - - [27/Mar/2024:15:27:16 -0400] "GET / HTTP/1.1" 200 17638 "-" "Mozilla/5.0 (Linux; Android 11; Pro Build/RKQ2.200567.005; wv) AppleWebKit/537.36 (KHTML, like Gecko) Version/4.0 Chrome/81.0.4044.145 Mobile Safari/537.36"
198.54.114.106 - - [27/Mar/2024:15:35:34 -0400] "POST /wp-cron.php?doing_wp_cron=1711568134.3835089206695556640625 HTTP/1.1" 200 0 "-" "WordPress/6.4.3; https://alternos.info"
153.122.53.235 - - [27/Mar/2024:15:35:31 -0400] "POST /wp-login.php HTTP/1.1" 200 3400 "-" "Mozilla/5.0 (Windows NT 6.1; Win64; x64) AppleWebKit/537.36 (KHTML, like Gecko) Chrome/80.0.3987.106 Safari/537.36"
198.54.114.106 - - [27/Mar/2024:15:35:35 -0400] "POST /wp-admin/admin-ajax.php?action=async_litespeed&nonce=0aff76a529&litespeed_type=imgoptm HTTP/1.1" 200 5 "-" "WordPress/6.4.3; https://alternos.info"
181.208.127.242 - - [27/Mar/2024:15:48:47 -0400] "GET / HTTP/1.1" 200 17638 "-" "Mozilla/5.0 (Windows NT 10.0; Win64; x64) AppleWebKit/537.36 (KHTML, like Gecko) Chrome/123.0.0.0 Safari/537.36"
198.54.114.106 - - [27/Mar/2024:15:51:01 -0400] "POST /wp-cron.php?doing_wp_cron=1711569061.5119500160217285156250 HTTP/1.1" 200 0 "-" "WordPress/6.4.3; https://alternos.info"
171.244.0.91 - - [27/Mar/2024:15:50:57 -0400] "POST /wp-login.php HTTP/1.1" 200 3401 "-" "Mozilla/5.0 (Windows NT 10.0; WOW64) AppleWebKit/537.36 (KHTML, like Gecko) Chrome/47.0.2526.106 Safari/537.36"
198.54.114.106 - - [27/Mar/2024:15:51:02 -0400] "POST /wp-admin/admin-ajax.php?action=async_litespeed&nonce=0aff76a529&litespeed_type=imgoptm HTTP/1.1" 200 0 "-" "WordPress/6.4.3; https://alternos.info"
198.54.114.106 - - [27/Mar/2024:15:52:08 -0400] "POST /wp-cron.php?doing_wp_cron=1711569127.8145720958709716796875 HTTP/1.1" 200 0 "-" "WordPress/6.4.3; https://alternos.info"
162.241.201.42 - - [27/Mar/2024:15:52:07 -0400] "POST /wp-login.php HTTP/1.1" 200 3400 "-" "Mozilla/5.0 (Windows NT 6.3; Win64; x64) AppleWebKit/537.36 (KHTML, like Gecko) Chrome/77.0.3865.90 Safari/537.36"
198.54.114.106 - - [27/Mar/2024:15:52:08 -0400] "POST /wp-admin/admin-ajax.php?action=async_litespeed&nonce=0aff76a529&litespeed_type=imgoptm HTTP/1.1" 200 5 "-" "WordPress/6.4.3; https://alternos.info"
198.54.114.106 - - [27/Mar/2024:16:07:42 -0400] "POST /wp-cron.php?doing_wp_cron=1711570061.9412119388580322265625 HTTP/1.1" 200 0 "-" "WordPress/6.4.3; https://alternos.info"
50.83.26.61 - - [27/Mar/2024:16:07:39 -0400] "POST /wp-login.php HTTP/1.1" 200 3402 "-" "Mozilla/5.0 (Windows NT 10.0; WOW64) AppleWebKit/537.36 (KHTML, like Gecko) Chrome/46.0.2490.80 Safari/537.36"
198.54.114.106 - - [27/Mar/2024:16:07:42 -0400] "POST /wp-admin/admin-ajax.php?action=async_litespeed&nonce=0aff76a529&litespeed_type=imgoptm HTTP/1.1" 200 5 "-" "WordPress/6.4.3; https://alternos.info"
198.54.114.106 - - [27/Mar/2024:16:08:50 -0400] "POST /wp-cron.php?doing_wp_cron=1711570130.5225229263305664062500 HTTP/1.1" 200 0 "-" "WordPress/6.4.3; https://alternos.info"
162.240.17.77 - - [27/Mar/2024:16:08:50 -0400] "POST /wp-login.php HTTP/1.1" 200 3400 "-" "Mozilla/5.0 (Windows NT 6.1; WOW64) AppleWebKit/537.36 (KHTML, like Gecko) Chrome/46.0.2490.86 Safari/537.36"
198.54.114.106 - - [27/Mar/2024:16:08:51 -0400] "POST /wp-admin/admin-ajax.php?action=async_litespeed&nonce=0aff76a529&litespeed_type=imgoptm HTTP/1.1" 200 5 "-" "WordPress/6.4.3; https://alternos.info"
181.208.127.242 - - [27/Mar/2024:16:13:07 -0400] "GET / HTTP/1.1" 200 17638 "-" "Mozilla/5.0 (Windows NT 10.0; Win64; x64) AppleWebKit/537.36 (KHTML, like Gecko) Chrome/123.0.0.0 Safari/537.36"
198.54.114.106 - - [27/Mar/2024:16:24:16 -0400] "POST /wp-cron.php?doing_wp_cron=1711571056.6599409580230712890625 HTTP/1.1" 200 0 "-" "WordPress/6.4.3; https://alternos.info"
54.37.156.240 - - [27/Mar/2024:16:24:12 -0400] "POST /wp-login.php HTTP/1.1" 200 3401 "-" "Mozilla/5.0 (Windows NT 6.1; Win64; x64) AppleWebKit/537.36 (KHTML, like Gecko) Chrome/55.0.2883.87 Safari/537.36"
198.54.114.106 - - [27/Mar/2024:16:24:17 -0400] "POST /wp-admin/admin-ajax.php?action=async_litespeed&nonce=0aff76a529&litespeed_type=imgoptm HTTP/1.1" 200 5 "-" "WordPress/6.4.3; https://alternos.info"
198.54.114.106 - - [27/Mar/2024:16:25:23 -0400] "POST /wp-cron.php?doing_wp_cron=1711571123.2220849990844726562500 HTTP/1.1" 200 0 "-" "WordPress/6.4.3; https://alternos.info"
209.141.32.50 - - [27/Mar/2024:16:25:22 -0400] "POST /wp-login.php HTTP/1.1" 200 3401 "-" "Mozilla/5.0 (Windows NT 6.1; Win64; x64) AppleWebKit/537.36 (KHTML, like Gecko) Chrome/66.0.3359.117 Safari/537.36"
198.54.114.106 - - [27/Mar/2024:16:25:23 -0400] "POST /wp-admin/admin-ajax.php?action=async_litespeed&nonce=0aff76a529&litespeed_type=imgoptm HTTP/1.1" 200 5 "-" "WordPress/6.4.3; https://alternos.info"
198.54.114.106 - - [27/Mar/2024:16:28:35 -0400] "POST /wp-admin/admin-ajax.php?action=async_litespeed&nonce=0aff76a529&litespeed_type=imgoptm HTTP/1.1" 200 5 "-" "WordPress/6.4.3; https://alternos.info"
35.82.26.201 - - [27/Mar/2024:16:30:05 -0400] "GET / HTTP/1.1" 200 17638 "-" "Mozilla/5.0 (Macintosh; Intel Mac OS X 10_15_7) AppleWebKit/537.36 (KHTML, like Gecko) Chrome/102.0.0.0 Safari/537.36"
198.54.114.106 - - [27/Mar/2024:16:36:31 -0400] "POST /wp-cron.php?doing_wp_cron=1711571791.7226099967956542968750 HTTP/1.1" 200 0 "-" "WordPress/6.4.3; https://alternos.info"
20.26.80.130 - - [27/Mar/2024:16:36:29 -0400] "GET /blog/234 HTTP/1.1" 404 8413 "-" "Mozilla/5.0 (Windows NT 10.0; Win64; x64) AppleWebKit/537.36 (KHTML, like Gecko) Chrome/117.0.0.0 Safari/537.36 Edg/117.0.2045.36"
198.54.114.106 - - [27/Mar/2024:16:36:32 -0400] "POST /wp-admin/admin-ajax.php?action=async_litespeed&nonce=0aff76a529&litespeed_type=imgoptm HTTP/1.1" 200 5 "-" "WordPress/6.4.3; https://alternos.info"
198.54.114.106 - - [27/Mar/2024:16:40:45 -0400] "POST /wp-cron.php?doing_wp_cron=1711572045.2196269035339355468750 HTTP/1.1" 200 0 "-" "WordPress/6.4.3; https://alternos.info"
139.59.232.152 - - [27/Mar/2024:16:40:42 -0400] "POST /wp-login.php HTTP/1.1" 200 3402 "-" "Mozilla/5.0 (Windows NT 6.1; WOW64) AppleWebKit/537.36 (KHTML, like Gecko) Chrome/36.0.1985.125 Safari/537.36"
198.54.114.106 - - [27/Mar/2024:16:40:45 -0400] "POST /wp-admin/admin-ajax.php?action=async_litespeed&nonce=0aff76a529&litespeed_type=imgoptm HTTP/1.1" 200 5 "-" "WordPress/6.4.3; https://alternos.info"
198.54.114.106 - - [27/Mar/2024:16:41:53 -0400] "POST /wp-cron.php?doing_wp_cron=1711572113.1141939163208007812500 HTTP/1.1" 200 0 "-" "WordPress/6.4.3; https://alternos.info"
2001:41d0:800:3a65:: - - [27/Mar/2024:16:41:52 -0400] "POST /wp-login.php HTTP/1.1" 200 3400 "-" "Mozilla/5.0 (Windows NT 10.0; Win64; x64) AppleWebKit/537.36 (KHTML, like Gecko) Chrome/54.0.2840.99 Safari/537.36"
198.54.114.106 - - [27/Mar/2024:16:41:54 -0400] "POST /wp-admin/admin-ajax.php?action=async_litespeed&nonce=0aff76a529&litespeed_type=imgoptm HTTP/1.1" 200 5 "-" "WordPress/6.4.3; https://alternos.info"
181.208.127.242 - - [27/Mar/2024:16:45:50 -0400] "GET / HTTP/1.1" 200 17638 "-" "Mozilla/5.0 (Windows NT 10.0; Win64; x64) AppleWebKit/537.36 (KHTML, like Gecko) Chrome/123.0.0.0 Safari/537.36"
198.54.114.106 - - [27/Mar/2024:16:45:57 -0400] "POST /wp-cron.php?doing_wp_cron=1711572356.7347190380096435546875 HTTP/1.1" 200 0 "-" "WordPress/6.4.3; https://alternos.info"
198.54.114.106 - - [27/Mar/2024:16:45:57 -0400] "POST /wp-admin/admin-ajax.php?action=async_litespeed&nonce=0aff76a529&litespeed_type=imgoptm HTTP/1.1" 200 5 "-" "WordPress/6.4.3; https://alternos.info"
181.208.127.242 - - [27/Mar/2024:16:45:54 -0400] "GET /sobrenosotros/ HTTP/1.1" 200 16143 "https://alternos.info/" "Mozilla/5.0 (Windows NT 10.0; Win64; x64) AppleWebKit/537.36 (KHTML, like Gecko) Chrome/123.0.0.0 Safari/537.36"
181.208.127.242 - - [27/Mar/2024:16:46:02 -0400] "GET /argos/ HTTP/1.1" 200 12626 "https://alternos.info/sobrenosotros/" "Mozilla/5.0 (Windows NT 10.0; Win64; x64) AppleWebKit/537.36 (KHTML, like Gecko) Chrome/123.0.0.0 Safari/537.36"
181.208.127.242 - - [27/Mar/2024:16:46:03 -0400] "GET /wp-content/uploads/elementor/css/post-1458.css?ver=1710628991 HTTP/1.1" 200 518 "https://alternos.info/argos/" "Mozilla/5.0 (Windows NT 10.0; Win64; x64) AppleWebKit/537.36 (KHTML, like Gecko) Chrome/123.0.0.0 Safari/537.36"
181.208.127.242 - - [27/Mar/2024:16:46:03 -0400] "GET /wp-content/uploads/2024/01/HxqQOcPbxuo_320x180.jpg HTTP/1.1" 200 17717 "https://alternos.info/argos/" "Mozilla/5.0 (Windows NT 10.0; Win64; x64) AppleWebKit/537.36 (KHTML, like Gecko) Chrome/123.0.0.0 Safari/537.36"
181.208.127.242 - - [27/Mar/2024:16:46:03 -0400] "GET /wp-content/plugins/elementor/assets/lib/swiper/v8/swiper.min.js?ver=8.4.5 HTTP/1.1" 200 38152 "https://alternos.info/argos/" "Mozilla/5.0 (Windows NT 10.0; Win64; x64) AppleWebKit/537.36 (KHTML, like Gecko) Chrome/123.0.0.0 Safari/537.36"
181.208.127.242 - - [27/Mar/2024:16:46:03 -0400] "GET /wp-content/uploads/2024/01/WhatsApp-Image-2024-01-20-at-12.43.48-PM-e1705948786400.jpeg HTTP/1.1" 200 163030 "https://alternos.info/argos/" "Mozilla/5.0 (Windows NT 10.0; Win64; x64) AppleWebKit/537.36 (KHTML, like Gecko) Chrome/123.0.0.0 Safari/537.36"
181.208.127.242 - - [27/Mar/2024:16:46:03 -0400] "GET /wp-content/uploads/2024/01/WhatsApp-Image-2024-01-20-at-12.43.49-PM-e1705948720879.jpeg HTTP/1.1" 200 266175 "https://alternos.info/argos/" "Mozilla/5.0 (Windows NT 10.0; Win64; x64) AppleWebKit/537.36 (KHTML, like Gecko) Chrome/123.0.0.0 Safari/537.36"
181.208.127.242 - - [27/Mar/2024:16:46:03 -0400] "GET /wp-content/uploads/2024/01/WhatsApp-Image-2024-01-20-at-12.43.47-PM-e1705948744704.jpeg HTTP/1.1" 200 261723 "https://alternos.info/argos/" "Mozilla/5.0 (Windows NT 10.0; Win64; x64) AppleWebKit/537.36 (KHTML, like Gecko) Chrome/123.0.0.0 Safari/537.36"
181.208.127.242 - - [27/Mar/2024:16:46:03 -0400] "GET /wp-content/uploads/2024/01/WhatsApp-Image-2024-01-20-at-12.43.46-PM-1-e1705948758464.jpeg HTTP/1.1" 200 308260 "https://alternos.info/argos/" "Mozilla/5.0 (Windows NT 10.0; Win64; x64) AppleWebKit/537.36 (KHTML, like Gecko) Chrome/123.0.0.0 Safari/537.36"
181.208.127.242 - - [27/Mar/2024:16:46:03 -0400] "GET /wp-content/uploads/2024/01/WhatsApp-Image-2024-01-20-at-12.43.46-PM-e1705948770231.jpeg HTTP/1.1" 200 583854 "https://alternos.info/argos/" "Mozilla/5.0 (Windows NT 10.0; Win64; x64) AppleWebKit/537.36 (KHTML, like Gecko) Chrome/123.0.0.0 Safari/537.36"
198.54.114.106 - - [27/Mar/2024:16:46:12 -0400] "POST /wp-cron.php?doing_wp_cron=1711572372.1186161041259765625000 HTTP/1.1" 200 0 "-" "WordPress/6.4.3; https://alternos.info"
181.208.127.242 - - [27/Mar/2024:16:46:11 -0400] "GET /raices-del-pueblo/ HTTP/1.1" 200 13062 "https://alternos.info/argos/" "Mozilla/5.0 (Windows NT 10.0; Win64; x64) AppleWebKit/537.36 (KHTML, like Gecko) Chrome/123.0.0.0 Safari/537.36"
181.208.127.242 - - [27/Mar/2024:16:46:12 -0400] "GET /wp-content/uploads/elementor/css/post-1456.css?ver=1710603155 HTTP/1.1" 200 539 "https://alternos.info/raices-del-pueblo/" "Mozilla/5.0 (Windows NT 10.0; Win64; x64) AppleWebKit/537.36 (KHTML, like Gecko) Chrome/123.0.0.0 Safari/537.36"
181.208.127.242 - - [27/Mar/2024:16:46:12 -0400] "GET /wp-content/uploads/2024/01/1qebKVGr_jE_320x180.jpg HTTP/1.1" 200 16368 "https://alternos.info/raices-del-pueblo/" "Mozilla/5.0 (Windows NT 10.0; Win64; x64) AppleWebKit/537.36 (KHTML, like Gecko) Chrome/123.0.0.0 Safari/537.36"
181.208.127.242 - - [27/Mar/2024:16:46:12 -0400] "GET /wp-content/uploads/2024/02/1-1-819x1024.jpg HTTP/1.1" 200 214202 "https://alternos.info/raices-del-pueblo/" "Mozilla/5.0 (Windows NT 10.0; Win64; x64) AppleWebKit/537.36 (KHTML, like Gecko) Chrome/123.0.0.0 Safari/537.36"
181.208.127.242 - - [27/Mar/2024:16:46:12 -0400] "GET /wp-content/uploads/2024/02/2-1-819x1024.jpg HTTP/1.1" 200 296495 "https://alternos.info/raices-del-pueblo/" "Mozilla/5.0 (Windows NT 10.0; Win64; x64) AppleWebKit/537.36 (KHTML, like Gecko) Chrome/123.0.0.0 Safari/537.36"
181.208.127.242 - - [27/Mar/2024:16:46:13 -0400] "GET /wp-content/uploads/2024/02/3.2-819x1024.jpg HTTP/1.1" 200 199650 "https://alternos.info/raices-del-pueblo/" "Mozilla/5.0 (Windows NT 10.0; Win64; x64) AppleWebKit/537.36 (KHTML, like Gecko) Chrome/123.0.0.0 Safari/537.36"
181.208.127.242 - - [27/Mar/2024:16:46:13 -0400] "GET /wp-content/uploads/2024/02/3-1-819x1024.jpg HTTP/1.1" 200 178236 "https://alternos.info/raices-del-pueblo/" "Mozilla/5.0 (Windows NT 10.0; Win64; x64) AppleWebKit/537.36 (KHTML, like Gecko) Chrome/123.0.0.0 Safari/537.36"
198.54.114.106 - - [27/Mar/2024:16:46:12 -0400] "POST /wp-admin/admin-ajax.php?action=async_litespeed&nonce=0aff76a529&litespeed_type=imgoptm HTTP/1.1" 200 5 "-" "WordPress/6.4.3; https://alternos.info"
181.208.127.242 - - [27/Mar/2024:16:46:13 -0400] "GET /wp-content/uploads/2024/01/WhatsApp-Image-2024-01-20-at-12.54.13-PM-1.jpeg HTTP/1.1" 200 155781 "https://alternos.info/raices-del-pueblo/" "Mozilla/5.0 (Windows NT 10.0; Win64; x64) AppleWebKit/537.36 (KHTML, like Gecko) Chrome/123.0.0.0 Safari/537.36"
181.208.127.242 - - [27/Mar/2024:16:46:13 -0400] "GET /wp-content/uploads/2024/01/WhatsApp-Image-2024-01-20-at-12.59.52-PM.jpeg HTTP/1.1" 200 169742 "https://alternos.info/raices-del-pueblo/" "Mozilla/5.0 (Windows NT 10.0; Win64; x64) AppleWebKit/537.36 (KHTML, like Gecko) Chrome/123.0.0.0 Safari/537.36"
181.208.127.242 - - [27/Mar/2024:16:46:13 -0400] "GET /wp-content/uploads/2024/01/WhatsApp-Image-2024-01-20-at-12.59.53-PM.jpeg HTTP/1.1" 200 117770 "https://alternos.info/raices-del-pueblo/" "Mozilla/5.0 (Windows NT 10.0; Win64; x64) AppleWebKit/537.36 (KHTML, like Gecko) Chrome/123.0.0.0 Safari/537.36"
181.208.127.242 - - [27/Mar/2024:16:46:13 -0400] "GET /wp-content/uploads/2024/01/WhatsApp-Image-2024-01-20-at-12.54.18-PM-1.jpeg HTTP/1.1" 200 512005 "https://alternos.info/raices-del-pueblo/" "Mozilla/5.0 (Windows NT 10.0; Win64; x64) AppleWebKit/537.36 (KHTML, like Gecko) Chrome/123.0.0.0 Safari/537.36"
181.208.127.242 - - [27/Mar/2024:16:46:13 -0400] "GET /wp-content/uploads/2024/01/WhatsApp-Image-2024-01-20-at-12.47.42-PM.jpeg HTTP/1.1" 200 517146 "https://alternos.info/raices-del-pueblo/" "Mozilla/5.0 (Windows NT 10.0; Win64; x64) AppleWebKit/537.36 (KHTML, like Gecko) Chrome/123.0.0.0 Safari/537.36"
181.208.127.242 - - [27/Mar/2024:16:46:13 -0400] "GET /wp-content/uploads/2024/01/WhatsApp-Image-2024-01-20-at-12.54.14-PM-2.jpeg HTTP/1.1" 200 566503 "https://alternos.info/raices-del-pueblo/" "Mozilla/5.0 (Windows NT 10.0; Win64; x64) AppleWebKit/537.36 (KHTML, like Gecko) Chrome/123.0.0.0 Safari/537.36"
181.208.127.242 - - [27/Mar/2024:16:46:13 -0400] "GET /wp-content/uploads/2024/01/WhatsApp-Image-2024-01-20-at-12.47.43-PM.jpeg HTTP/1.1" 200 587069 "https://alternos.info/raices-del-pueblo/" "Mozilla/5.0 (Windows NT 10.0; Win64; x64) AppleWebKit/537.36 (KHTML, like Gecko) Chrome/123.0.0.0 Safari/537.36"
181.208.127.242 - - [27/Mar/2024:16:46:13 -0400] "GET /wp-content/uploads/2024/01/WhatsApp-Image-2024-01-20-at-12.54.12-PM.jpeg HTTP/1.1" 200 583907 "https://alternos.info/raices-del-pueblo/" "Mozilla/5.0 (Windows NT 10.0; Win64; x64) AppleWebKit/537.36 (KHTML, like Gecko) Chrome/123.0.0.0 Safari/537.36"
181.208.127.242 - - [27/Mar/2024:16:46:13 -0400] "GET /wp-content/uploads/2024/01/WhatsApp-Image-2024-01-20-at-12.59.50-PM-2.jpeg HTTP/1.1" 200 680091 "https://alternos.info/raices-del-pueblo/" "Mozilla/5.0 (Windows NT 10.0; Win64; x64) AppleWebKit/537.36 (KHTML, like Gecko) Chrome/123.0.0.0 Safari/537.36"
181.208.127.242 - - [27/Mar/2024:16:46:13 -0400] "GET /wp-content/uploads/2024/01/WhatsApp-Image-2024-01-20-at-12.54.13-PM.jpeg HTTP/1.1" 200 622742 "https://alternos.info/raices-del-pueblo/" "Mozilla/5.0 (Windows NT 10.0; Win64; x64) AppleWebKit/537.36 (KHTML, like Gecko) Chrome/123.0.0.0 Safari/537.36"
181.208.127.242 - - [27/Mar/2024:16:46:13 -0400] "GET /wp-content/uploads/2024/01/WhatsApp-Image-2024-01-20-at-12.54.16-PM.jpeg HTTP/1.1" 200 732085 "https://alternos.info/raices-del-pueblo/" "Mozilla/5.0 (Windows NT 10.0; Win64; x64) AppleWebKit/537.36 (KHTML, like Gecko) Chrome/123.0.0.0 Safari/537.36"
181.208.127.242 - - [27/Mar/2024:16:46:13 -0400] "GET /wp-content/uploads/2024/01/WhatsApp-Image-2024-01-20-at-12.59.50-PM-1.jpeg HTTP/1.1" 200 657246 "https://alternos.info/raices-del-pueblo/" "Mozilla/5.0 (Windows NT 10.0; Win64; x64) AppleWebKit/537.36 (KHTML, like Gecko) Chrome/123.0.0.0 Safari/537.36"
181.208.127.242 - - [27/Mar/2024:16:46:13 -0400] "GET /wp-content/uploads/2024/01/WhatsApp-Image-2024-01-20-at-12.54.14-PM-1.jpeg HTTP/1.1" 200 671221 "https://alternos.info/raices-del-pueblo/" "Mozilla/5.0 (Windows NT 10.0; Win64; x64) AppleWebKit/537.36 (KHTML, like Gecko) Chrome/123.0.0.0 Safari/537.36"
181.208.127.242 - - [27/Mar/2024:16:46:13 -0400] "GET /wp-content/uploads/2024/01/WhatsApp-Image-2024-01-20-at-12.54.13-PM-2.jpeg HTTP/1.1" 200 707496 "https://alternos.info/raices-del-pueblo/" "Mozilla/5.0 (Windows NT 10.0; Win64; x64) AppleWebKit/537.36 (KHTML, like Gecko) Chrome/123.0.0.0 Safari/537.36"
181.208.127.242 - - [27/Mar/2024:16:46:13 -0400] "GET /wp-content/uploads/2024/01/WhatsApp-Image-2024-01-20-at-12.47.41-PM.jpeg HTTP/1.1" 200 760472 "https://alternos.info/raices-del-pueblo/" "Mozilla/5.0 (Windows NT 10.0; Win64; x64) AppleWebKit/537.36 (KHTML, like Gecko) Chrome/123.0.0.0 Safari/537.36"
181.208.127.242 - - [27/Mar/2024:16:46:13 -0400] "GET /wp-content/uploads/2024/01/WhatsApp-Image-2024-01-20-at-12.54.18-PM.jpeg HTTP/1.1" 200 908417 "https://alternos.info/raices-del-pueblo/" "Mozilla/5.0 (Windows NT 10.0; Win64; x64) AppleWebKit/537.36 (KHTML, like Gecko) Chrome/123.0.0.0 Safari/537.36"
181.208.127.242 - - [27/Mar/2024:16:46:13 -0400] "GET /wp-content/uploads/2024/01/WhatsApp-Image-2024-01-20-at-12.54.14-PM.jpeg HTTP/1.1" 200 835266 "https://alternos.info/raices-del-pueblo/" "Mozilla/5.0 (Windows NT 10.0; Win64; x64) AppleWebKit/537.36 (KHTML, like Gecko) Chrome/123.0.0.0 Safari/537.36"
181.208.127.242 - - [27/Mar/2024:16:46:13 -0400] "GET /wp-content/uploads/2024/01/WhatsApp-Image-2024-01-20-at-12.59.50-PM.jpeg HTTP/1.1" 200 899067 "https://alternos.info/raices-del-pueblo/" "Mozilla/5.0 (Windows NT 10.0; Win64; x64) AppleWebKit/537.36 (KHTML, like Gecko) Chrome/123.0.0.0 Safari/537.36"
181.208.127.242 - - [27/Mar/2024:16:46:13 -0400] "GET /wp-content/uploads/2024/01/WhatsApp-Image-2024-01-20-at-12.59.51-PM-2.jpeg HTTP/1.1" 200 808813 "https://alternos.info/raices-del-pueblo/" "Mozilla/5.0 (Windows NT 10.0; Win64; x64) AppleWebKit/537.36 (KHTML, like Gecko) Chrome/123.0.0.0 Safari/537.36"
181.208.127.242 - - [27/Mar/2024:16:46:13 -0400] "GET /wp-content/uploads/2024/01/WhatsApp-Image-2024-01-20-at-12.59.51-PM-1.jpeg HTTP/1.1" 200 858152 "https://alternos.info/raices-del-pueblo/" "Mozilla/5.0 (Windows NT 10.0; Win64; x64) AppleWebKit/537.36 (KHTML, like Gecko) Chrome/123.0.0.0 Safari/537.36"
181.208.127.242 - - [27/Mar/2024:16:46:13 -0400] "GET /wp-content/uploads/2024/01/WhatsApp-Image-2024-01-20-at-12.59.52-PM-1.jpeg HTTP/1.1" 200 1040052 "https://alternos.info/raices-del-pueblo/" "Mozilla/5.0 (Windows NT 10.0; Win64; x64) AppleWebKit/537.36 (KHTML, like Gecko) Chrome/123.0.0.0 Safari/537.36"
181.208.127.242 - - [27/Mar/2024:16:46:13 -0400] "GET /wp-content/uploads/2024/01/WhatsApp-Image-2024-01-20-at-12.59.49-PM.jpeg HTTP/1.1" 200 957256 "https://alternos.info/raices-del-pueblo/" "Mozilla/5.0 (Windows NT 10.0; Win64; x64) AppleWebKit/537.36 (KHTML, like Gecko) Chrome/123.0.0.0 Safari/537.36"
181.208.127.242 - - [27/Mar/2024:16:46:13 -0400] "GET /wp-content/uploads/2024/01/WhatsApp-Image-2024-01-20-at-12.54.16-PM-1.jpeg HTTP/1.1" 200 1023475 "https://alternos.info/raices-del-pueblo/" "Mozilla/5.0 (Windows NT 10.0; Win64; x64) AppleWebKit/537.36 (KHTML, like Gecko) Chrome/123.0.0.0 Safari/537.36"
181.208.127.242 - - [27/Mar/2024:16:46:13 -0400] "GET /wp-content/uploads/2024/01/WhatsApp-Image-2024-01-20-at-12.54.17-PM.jpeg HTTP/1.1" 200 991093 "https://alternos.info/raices-del-pueblo/" "Mozilla/5.0 (Windows NT 10.0; Win64; x64) AppleWebKit/537.36 (KHTML, like Gecko) Chrome/123.0.0.0 Safari/537.36"
181.208.127.242 - - [27/Mar/2024:16:46:13 -0400] "GET /wp-content/uploads/2024/01/WhatsApp-Image-2024-01-20-at-12.54.18-PM-2.jpeg HTTP/1.1" 200 931437 "https://alternos.info/raices-del-pueblo/" "Mozilla/5.0 (Windows NT 10.0; Win64; x64) AppleWebKit/537.36 (KHTML, like Gecko) Chrome/123.0.0.0 Safari/537.36"
181.208.127.242 - - [27/Mar/2024:16:46:13 -0400] "GET /wp-content/uploads/2024/01/WhatsApp-Image-2024-01-20-at-12.59.51-PM.jpeg HTTP/1.1" 200 956387 "https://alternos.info/raices-del-pueblo/" "Mozilla/5.0 (Windows NT 10.0; Win64; x64) AppleWebKit/537.36 (KHTML, like Gecko) Chrome/123.0.0.0 Safari/537.36"
181.208.127.242 - - [27/Mar/2024:16:46:13 -0400] "GET /wp-content/uploads/2024/01/WhatsApp-Image-2024-01-20-at-12.54.15-PM.jpeg HTTP/1.1" 200 1350814 "https://alternos.info/raices-del-pueblo/" "Mozilla/5.0 (Windows NT 10.0; Win64; x64) AppleWebKit/537.36 (KHTML, like Gecko) Chrome/123.0.0.0 Safari/537.36"
181.208.127.242 - - [27/Mar/2024:16:46:17 -0400] "GET /informes/ HTTP/1.1" 200 12574 "https://alternos.info/raices-del-pueblo/" "Mozilla/5.0 (Windows NT 10.0; Win64; x64) AppleWebKit/537.36 (KHTML, like Gecko) Chrome/123.0.0.0 Safari/537.36"
181.208.127.242 - - [27/Mar/2024:16:46:18 -0400] "GET /wp-content/uploads/elementor/css/post-874.css?ver=1710596679 HTTP/1.1" 200 2162 "https://alternos.info/informes/" "Mozilla/5.0 (Windows NT 10.0; Win64; x64) AppleWebKit/537.36 (KHTML, like Gecko) Chrome/123.0.0.0 Safari/537.36"
181.208.127.242 - - [27/Mar/2024:16:46:18 -0400] "GET /wp-content/plugins/royal-elementor-addons/assets/css/lib/lightgallery/lightgallery.min.css?ver=1.3.95 HTTP/1.1" 200 3511 "https://alternos.info/informes/" "Mozilla/5.0 (Windows NT 10.0; Win64; x64) AppleWebKit/537.36 (KHTML, like Gecko) Chrome/123.0.0.0 Safari/537.36"
181.208.127.242 - - [27/Mar/2024:16:46:18 -0400] "GET /wp-content/uploads/2023/11/unnamed-3-e1700057393254.png HTTP/1.1" 200 675775 "https://alternos.info/informes/" "Mozilla/5.0 (Windows NT 10.0; Win64; x64) AppleWebKit/537.36 (KHTML, like Gecko) Chrome/123.0.0.0 Safari/537.36"
181.208.127.242 - - [27/Mar/2024:16:46:18 -0400] "GET /wp-content/plugins/royal-elementor-addons/assets/js/lib/lightgallery/lightgallery.min.js?ver=1.6.12 HTTP/1.1" 200 10273 "https://alternos.info/informes/" "Mozilla/5.0 (Windows NT 10.0; Win64; x64) AppleWebKit/537.36 (KHTML, like Gecko) Chrome/123.0.0.0 Safari/537.36"
181.208.127.242 - - [27/Mar/2024:16:46:19 -0400] "GET /wp-content/uploads/2024/02/INFORME-ANTROPOLOGICO-RDP-MODIFICADO_Pagina_01.jpg HTTP/1.1" 200 62232 "https://alternos.info/informes/" "Mozilla/5.0 (Windows NT 10.0; Win64; x64) AppleWebKit/537.36 (KHTML, like Gecko) Chrome/123.0.0.0 Safari/537.36"
181.208.127.242 - - [27/Mar/2024:16:46:22 -0400] "GET /contacto/ HTTP/1.1" 200 13625 "https://alternos.info/informes/" "Mozilla/5.0 (Windows NT 10.0; Win64; x64) AppleWebKit/537.36 (KHTML, like Gecko) Chrome/123.0.0.0 Safari/537.36"
181.208.127.242 - - [27/Mar/2024:16:46:23 -0400] "GET /wp-content/uploads/elementor/css/post-1015.css?ver=1710534954 HTTP/1.1" 200 2053 "https://alternos.info/contacto/" "Mozilla/5.0 (Windows NT 10.0; Win64; x64) AppleWebKit/537.36 (KHTML, like Gecko) Chrome/123.0.0.0 Safari/537.36"
181.208.127.242 - - [27/Mar/2024:16:46:23 -0400] "GET /wp-content/uploads/elementor/css/custom-widget-icon-box.min.css?ver=1710534954 HTTP/1.1" 200 630 "https://alternos.info/contacto/" "Mozilla/5.0 (Windows NT 10.0; Win64; x64) AppleWebKit/537.36 (KHTML, like Gecko) Chrome/123.0.0.0 Safari/537.36"
198.54.114.106 - - [27/Mar/2024:16:57:14 -0400] "POST /wp-cron.php?doing_wp_cron=1711573033.8562920093536376953125 HTTP/1.1" 200 0 "-" "WordPress/6.4.3; https://alternos.info"
2001:41d0:2:3ea5:: - - [27/Mar/2024:16:57:11 -0400] "POST /wp-login.php HTTP/1.1" 200 3401 "-" "Mozilla/5.0 (Windows NT 6.1) AppleWebKit/537.36 (KHTML, like Gecko) Chrome/80.0.3987.132 Safari/537.36"
198.54.114.106 - - [27/Mar/2024:16:57:14 -0400] "POST /wp-admin/admin-ajax.php?action=async_litespeed&nonce=0aff76a529&litespeed_type=imgoptm HTTP/1.1" 200 5 "-" "WordPress/6.4.3; https://alternos.info"
198.54.114.106 - - [27/Mar/2024:16:58:23 -0400] "POST /wp-cron.php?doing_wp_cron=1711573102.8977808952331542968750 HTTP/1.1" 200 0 "-" "WordPress/6.4.3; https://alternos.info"
122.169.115.137 - - [27/Mar/2024:16:58:22 -0400] "POST /wp-login.php HTTP/1.1" 200 3400 "-" "Mozilla/5.0 (Windows NT 10.0; WOW64) AppleWebKit/537.36 (KHTML, like Gecko) Chrome/55.0.2883.87 Safari/537.36"
198.54.114.106 - - [27/Mar/2024:16:58:23 -0400] "POST /wp-admin/admin-ajax.php?action=async_litespeed&nonce=0aff76a529&litespeed_type=imgoptm HTTP/1.1" 200 5 "-" "WordPress/6.4.3; https://alternos.info"
198.54.114.106 - - [27/Mar/2024:17:13:49 -0400] "POST /wp-cron.php?doing_wp_cron=1711574029.4488360881805419921875 HTTP/1.1" 200 0 "-" "WordPress/6.4.3; https://alternos.info"
161.35.23.58 - - [27/Mar/2024:17:13:46 -0400] "POST /wp-login.php HTTP/1.1" 200 3402 "-" "Mozilla/5.0 (Windows NT 10.0; WOW64) AppleWebKit/537.36 (KHTML, like Gecko) Chrome/79.0.3945.130 Safari/537.36"
198.54.114.106 - - [27/Mar/2024:17:13:50 -0400] "POST /wp-admin/admin-ajax.php?action=async_litespeed&nonce=0aff76a529&litespeed_type=imgoptm HTTP/1.1" 200 5 "-" "WordPress/6.4.3; https://alternos.info"
198.54.114.106 - - [27/Mar/2024:17:14:57 -0400] "POST /wp-cron.php?doing_wp_cron=1711574097.5017940998077392578125 HTTP/1.1" 200 0 "-" "WordPress/6.4.3; https://alternos.info"
162.240.17.77 - - [27/Mar/2024:17:14:57 -0400] "POST /wp-login.php HTTP/1.1" 200 3401 "-" "Mozilla/5.0 (Windows NT 10.0; Win64; x64) AppleWebKit/537.36 (KHTML, like Gecko) Chrome/86.0.4240.193 Safari/537.36"
